{"id":977,"date":"2013-03-22T08:48:07","date_gmt":"2013-03-22T07:48:07","guid":{"rendered":"http:\/\/magnetovitalrendelo.hu\/rendelo\/?page_id=977"},"modified":"2014-12-05T08:39:26","modified_gmt":"2014-12-05T07:39:26","slug":"oldalterkep","status":"publish","type":"page","link":"http:\/\/magnetovitalrendelo.hu\/rendelo\/bemutatkozas\/oldalterkep\/","title":{"rendered":"Oldalt\u00e9rk\u00e9p"},"content":{"rendered":"<p><strong>&#8211; <a href=\"http:\/\/magnetovitalrendelo.hu\/\">Kezd\u0151oldal<\/a><\/strong><\/p>\n<p><strong>&#8211; <a href=\"http:\/\/magnetovitalrendelo.hu\/ladoseva\/\">Lados \u00c9va<\/a><\/strong><\/p>\n<p><strong>&#8211; <a href=\"http:\/\/magnetovitalrendelo.hu\/drhamvasferenc\/\">Dr Hamvas Ferenc<\/a><\/strong><\/p>\n<p style=\"padding-left: 30px;\">&#8211; <a href=\"http:\/\/magnetovitalrendelo.hu\/drhamvasferenc\/aki-tobbet-szeretne-rolam-es-a-felfogasomrol-megtudni\/\">Aki t\u00f6bbet szeretne r\u00f3lam \u00e9s a felfog\u00e1somr\u00f3l megtudni<\/a><\/p>\n<p style=\"padding-left: 30px;\">&#8211; <a href=\"http:\/\/magnetovitalrendelo.hu\/drhamvasferenc\/akiknek-sokat-koszonhetek\/\">Akiknek sokat k\u00f6sz\u00f6nhetek\u2026<\/a><\/p>\n<p><strong>&#8211; <a href=\"http:\/\/magnetovitalrendelo.hu\/rendelo\/\">Magnetovital Rendel\u0151 &#8211; Szolg\u00e1ltat\u00e1saink<\/a><\/strong><\/p>\n<p style=\"padding-left: 30px;\"><strong>&#8211; <a href=\"http:\/\/magnetovitalrendelo.hu\/rendelo\/szolgaltatasok\/agyhullam-hangolas\/\">Agyhull\u00e1m-hangol\u00e1s<\/a><\/strong><\/p>\n<p style=\"padding-left: 30px;\"><strong>&#8211; <a href=\"http:\/\/magnetovitalrendelo.hu\/rendelo\/szolgaltatasok\/agytrener-kezeles\/\">Agytr\u00e9ner-kezel\u00e9s<\/a><\/strong><\/p>\n<p style=\"padding-left: 60px;\">&#8211; <a href=\"http:\/\/magnetovitalrendelo.hu\/rendelo\/szolgaltatasok\/agytrener-kezeles\/az-agytrener-kezeles-alapelve\/\">Az agytr\u00e9ner-kezel\u00e9s alapelve<\/a><\/p>\n<p style=\"padding-left: 60px;\">&#8211; <a href=\"http:\/\/magnetovitalrendelo.hu\/rendelo\/szolgaltatasok\/agytrener-kezeles\/az-agytrener-teszt-es-a-kezeles-kivitelezese\/\">Az agytr\u00e9ner-teszt \u00e9s a kezel\u00e9s kivitelez\u00e9se<\/a><\/p>\n<p style=\"padding-left: 60px;\">&#8211; <a href=\"http:\/\/magnetovitalrendelo.hu\/rendelo\/szolgaltatasok\/agytrener-kezeles\/agytaplalas\/\">Agyt\u00e1pl\u00e1l\u00e1s<\/a><\/p>\n<p style=\"padding-left: 30px;\"><strong>&#8211; <a href=\"http:\/\/magnetovitalrendelo.hu\/rendelo\/szolgaltatasok\/allapotfelmeres\/\">\u00c1llapotfelm\u00e9r\u00e9s<\/a><\/strong><\/p>\n<p style=\"padding-left: 30px;\"><strong>&#8211; <a href=\"http:\/\/magnetovitalrendelo.hu\/rendelo\/szolgaltatasok\/altalanos-szuleszet-nogyogyaszat-onkologia\/\">\u00c1ltal\u00e1nos sz\u00fcl\u00e9szet, n\u0151gy\u00f3gy\u00e1szat, onkol\u00f3gia<\/a><\/strong><\/p>\n<p style=\"padding-left: 90px;\">&#8211; <a href=\"http:\/\/magnetovitalrendelo.hu\/rendelo\/szolgaltatasok\/altalanos-szuleszet-nogyogyaszat-onkologia\/nehany-betegsegrol-bovebben\/\">N\u00e9h\u00e1ny betegs\u00e9gr\u0151l b\u0151vebben<\/a><\/p>\n<p style=\"padding-left: 120px;\"><span style=\"color: #33cccc;\"><span style=\"color: #33cccc;\">&#8211; <\/span><a href=\"http:\/\/magnetovitalrendelo.hu\/rendelo\/szolgaltatasok\/altalanos-szuleszet-nogyogyaszat-onkologia\/nehany-betegsegrol-bovebben\/szexualis-uton-terjedo-fertozesek\/\"><span style=\"color: #33cccc;\">Szexu\u00e1lis \u00faton terjed\u0151 fert\u0151z\u00e9sek<\/span><\/a><\/span><\/p>\n<p style=\"padding-left: 120px;\"><span style=\"color: #33cccc;\"><span style=\"color: #33cccc;\">&#8211; <\/span><a href=\"http:\/\/magnetovitalrendelo.hu\/rendelo\/szolgaltatasok\/altalanos-szuleszet-nogyogyaszat-onkologia\/nehany-betegsegrol-bovebben\/huvelyi-fertozesek-es-nem-fertozeses-eredetu-folyasok\/\"><span style=\"color: #33cccc;\">H\u00fcvelyi fert\u0151z\u00e9sek \u00e9s nem fert\u0151z\u00e9ses eredet\u0171 foly\u00e1sok<\/span><\/a><\/span><\/p>\n<p style=\"padding-left: 120px;\"><span style=\"color: #33cccc;\"><span style=\"color: #33cccc;\">&#8211; <\/span><a href=\"http:\/\/magnetovitalrendelo.hu\/rendelo\/szolgaltatasok\/altalanos-szuleszet-nogyogyaszat-onkologia\/nehany-betegsegrol-bovebben\/a-menstruacio-es-zavarai\/\"><span style=\"color: #33cccc;\">A menstru\u00e1ci\u00f3 \u00e9s zavarai<\/span><\/a><\/span><\/p>\n<p style=\"padding-left: 90px;\">&#8211; <a href=\"http:\/\/magnetovitalrendelo.hu\/rendelo\/szolgaltatasok\/altalanos-szuleszet-nogyogyaszat-onkologia\/nogyogyaszati-szurovizsgalat\/\">N\u0151gy\u00f3gy\u00e1szati sz\u0171r\u0151vizsg\u00e1lat<\/a><\/p>\n<p style=\"padding-left: 120px;\"><span style=\"color: #33cccc;\"><span style=\"color: #00ccff;\">&#8211; <\/span><a href=\"http:\/\/magnetovitalrendelo.hu\/rendelo\/szolgaltatasok\/altalanos-szuleszet-nogyogyaszat-onkologia\/nogyogyaszati-szurovizsgalat\/emlorak-szures\/\"><span style=\"color: #00ccff;\"><span style=\"color: #00ccff;\">Eml\u0151r\u00e1k-sz\u0171r\u00e9s<\/span><\/span><\/a><\/span><\/p>\n<p style=\"padding-left: 120px;\"><span style=\"color: #33cccc;\"><span style=\"color: #00ccff;\">&#8211; <\/span><a href=\"http:\/\/magnetovitalrendelo.hu\/rendelo\/szolgaltatasok\/altalanos-szuleszet-nogyogyaszat-onkologia\/nogyogyaszati-szurovizsgalat\/mehnyakrak-szures\/\"><span style=\"color: #00ccff;\">M\u00e9hnyakr\u00e1k-sz\u0171r\u00e9s<\/span><\/a><\/span><\/p>\n<p style=\"padding-left: 120px;\"><span style=\"color: #33cccc;\"><span style=\"color: #00ccff;\">&#8211; <\/span><a href=\"http:\/\/magnetovitalrendelo.hu\/rendelo\/szolgaltatasok\/altalanos-szuleszet-nogyogyaszat-onkologia\/nogyogyaszati-szurovizsgalat\/mehnyakrak-szures\/\"><span style=\"color: #00ccff;\">Petef\u00e9szek- \u00e9s m\u00e9htestr\u00e1k-sz\u0171r\u00e9s<\/span><\/a><\/span><\/p>\n<p style=\"padding-left: 90px;\">&#8211; <a href=\"http:\/\/magnetovitalrendelo.hu\/rendelo\/szolgaltatasok\/altalanos-szuleszet-nogyogyaszat-onkologia\/nogyogyaszati-vizsgalat\/\">N\u0151gy\u00f3gy\u00e1szati vizsg\u00e1lat<\/a><\/p>\n<p style=\"padding-left: 90px;\">&#8211; <a href=\"http:\/\/magnetovitalrendelo.hu\/rendelo\/szolgaltatasok\/altalanos-szuleszet-nogyogyaszat-onkologia\/noi-nemiszervi-rosszindulatu-daganatok\/\">N\u0151i nemiszervi rosszindulat\u00fa daganatok<\/a><\/p>\n<p style=\"padding-left: 120px;\"><span style=\"color: #33cccc;\"><span style=\"color: #33cccc;\">&#8211; <\/span><a href=\"http:\/\/magnetovitalrendelo.hu\/rendelo\/szolgaltatasok\/altalanos-szuleszet-nogyogyaszat-onkologia\/noi-nemiszervi-rosszindulatu-daganatok\/a-meh-myomaja\/\"><span style=\"color: #33cccc;\">A m\u00e9h myom\u00e1ja<\/span><\/a><\/span><\/p>\n<p style=\"padding-left: 120px;\"><span style=\"color: #33cccc;\"><span style=\"color: #33cccc;\">&#8211; <\/span><a href=\"http:\/\/magnetovitalrendelo.hu\/rendelo\/szolgaltatasok\/altalanos-szuleszet-nogyogyaszat-onkologia\/noi-nemiszervi-rosszindulatu-daganatok\/a-mehnyakrak\/\"><span style=\"color: #33cccc;\">A m\u00e9hnyakr\u00e1k<\/span><\/a><\/span><\/p>\n<p style=\"padding-left: 120px;\"><span style=\"color: #33cccc;\"><span style=\"color: #33cccc;\">&#8211; <\/span><a href=\"http:\/\/magnetovitalrendelo.hu\/rendelo\/szolgaltatasok\/altalanos-szuleszet-nogyogyaszat-onkologia\/noi-nemiszervi-rosszindulatu-daganatok\/a-mehtest-rosszindulatu-daganata\/\"><span style=\"color: #33cccc;\">A m\u00e9htest rosszindulat\u00fa daganata<\/span><\/a><\/span><\/p>\n<p style=\"padding-left: 120px;\"><span style=\"color: #33cccc;\"><span style=\"color: #33cccc;\">&#8211; <\/span><a href=\"http:\/\/magnetovitalrendelo.hu\/rendelo\/szolgaltatasok\/altalanos-szuleszet-nogyogyaszat-onkologia\/noi-nemiszervi-rosszindulatu-daganatok\/az-emlo-rosszindulatu-daganata\/\"><span style=\"color: #33cccc;\">Az eml\u0151 rosszindulat\u00fa daganata<\/span><\/a><\/span><\/p>\n<p style=\"padding-left: 120px;\"><span style=\"color: #33cccc;\"><span style=\"color: #33cccc;\">&#8211; <\/span><a href=\"http:\/\/magnetovitalrendelo.hu\/rendelo\/szolgaltatasok\/altalanos-szuleszet-nogyogyaszat-onkologia\/noi-nemiszervi-rosszindulatu-daganatok\/petefeszekrak\/\"><span style=\"color: #33cccc;\">Petef\u00e9szekr\u00e1k<\/span><\/a><\/span><\/p>\n<p style=\"padding-left: 60px;\"><strong>&#8211; <a href=\"http:\/\/magnetovitalrendelo.hu\/rendelo\/szolgaltatasok\/cardioscan-meres\/\">CardioScan-m\u00e9r\u00e9s<\/a><\/strong><\/p>\n<p style=\"padding-left: 60px;\"><strong>&#8211; <a href=\"http:\/\/magnetovitalrendelo.hu\/rendelo\/szolgaltatasok\/eft-terapia\/\">\u00c9FT ter\u00e1pia<\/a><\/strong><\/p>\n<p style=\"padding-left: 60px;\"><strong>&#8211; <a href=\"http:\/\/magnetovitalrendelo.hu\/rendelo\/szolgaltatasok\/eletvezetesi-tanacsadas\/\">\u00c9letvezet\u00e9si tan\u00e1csad\u00e1s<\/a><\/strong><\/p>\n<p style=\"padding-left: 60px;\"><strong>&#8211; <a href=\"http:\/\/magnetovitalrendelo.hu\/rendelo\/szolgaltatasok\/fogamzasgatlasi-tanacsadas\/\">Fogamz\u00e1sg\u00e1tl\u00e1si tan\u00e1csad\u00e1s<\/a><\/strong><\/p>\n<p style=\"padding-left: 60px;\"><strong>&#8211; <a href=\"http:\/\/magnetovitalrendelo.hu\/rendelo\/szolgaltatasok\/homeopatia\/\">Homeop\u00e1tia<\/a><\/strong><\/p>\n<p style=\"padding-left: 90px;\"><span style=\"color: #33cccc;\"><span style=\"color: #33cccc;\">&#8211; <\/span><a href=\"http:\/\/magnetovitalrendelo.hu\/rendelo\/szolgaltatasok\/homeopatia\/roviden-a-homeopatiarol\/\"><span style=\"color: #33cccc;\">R\u00f6viden a homeop\u00e1ti\u00e1r\u00f3l<\/span><\/a><\/span><\/p>\n<p style=\"padding-left: 90px;\"><span style=\"color: #33cccc;\"><span style=\"color: #33cccc;\">&#8211; <\/span><a href=\"http:\/\/magnetovitalrendelo.hu\/rendelo\/szolgaltatasok\/homeopatia\/298-2\/\"><span style=\"color: #33cccc;\">Saj\u00e1t homeop\u00e1ti\u00e1s k\u00e9sz\u00edtm\u00e9nyeink<\/span><\/a><\/span><\/p>\n<p style=\"padding-left: 90px;\"><span style=\"color: #33cccc;\"><span style=\"color: #33cccc;\">&#8211; <\/span><a href=\"http:\/\/magnetovitalrendelo.hu\/rendelo\/szolgaltatasok\/homeopatia\/az-esszenciak-rovid-leirasa\/\"><span style=\"color: #33cccc;\">Az esszenci\u00e1k r\u00f6vid le\u00edr\u00e1sa<\/span><\/a><\/span><\/p>\n<p style=\"padding-left: 90px;\"><span style=\"color: #33cccc;\"><span style=\"color: #33cccc;\">&#8211; <\/span><a href=\"http:\/\/magnetovitalrendelo.hu\/rendelo\/szolgaltatasok\/homeopatia\/az-esszenciak-rendszerezese\/\"><span style=\"color: #33cccc;\">Az esszenci\u00e1k rendszerez\u00e9se<\/span><\/a><\/span><\/p>\n<p style=\"padding-left: 90px;\"><span style=\"color: #33cccc;\"><span style=\"color: #33cccc;\">&#8211; <\/span><a href=\"http:\/\/magnetovitalrendelo.hu\/rendelo\/szolgaltatasok\/homeopatia\/homeopatias-cseppjeink-hasznalati-utasitasa\/\"><span style=\"color: #33cccc;\">Homeop\u00e1ti\u00e1s cseppjeink haszn\u00e1lati utas\u00edt\u00e1sa<\/span><\/a><\/span><\/p>\n<p style=\"padding-left: 60px;\"><strong>&#8211; <a href=\"http:\/\/magnetovitalrendelo.hu\/rendelo\/szolgaltatasok\/hpv-szures-es-gondozas\/\">HPV Sz\u0171r\u00e9s \u00e9s gondoz\u00e1s<\/a><\/strong><\/p>\n<p style=\"padding-left: 90px;\"><span style=\"color: #33cccc;\"><span style=\"color: #33cccc;\">&#8211; <\/span><a href=\"http:\/\/magnetovitalrendelo.hu\/k\/hpv_harom_betu_sok_problema-interju_dr_hamvas_ferenccel.pdf\" target=\"_blank\"><span style=\"color: #33cccc;\">HPV: H\u00e1rom bet\u0171 \u2013 sok probl\u00e9ma<\/span><\/a><\/span><\/p>\n<p style=\"padding-left: 90px;\"><span style=\"color: #33cccc;\"><span style=\"color: #33cccc;\">&#8211; <\/span><a href=\"http:\/\/magnetovitalrendelo.hu\/rendelo\/szolgaltatasok\/hpv-szures-es-gondozas\/condyloma-acuminatum\/\"><span style=\"color: #33cccc;\">Condyloma acuminatum<\/span><\/a><\/span><\/p>\n<p style=\"padding-left: 60px;\"><strong>&#8211; <a href=\"http:\/\/magnetovitalrendelo.hu\/rendelo\/szolgaltatasok\/magnesterapia\/\">M\u00e1gnester\u00e1pia<\/a><\/strong><\/p>\n<p style=\"padding-left: 60px;\"><strong>&#8211; <a href=\"http:\/\/magnetovitalrendelo.hu\/rendelo\/szolgaltatasok\/a-meddoseg-es-kivizsgalasa\/\">Medd\u0151s\u00e9g \u00e9s kivizsg\u00e1l\u00e1sa<\/a><\/strong><\/p>\n<p style=\"padding-left: 60px;\"><strong>&#8211; <a href=\"http:\/\/magnetovitalrendelo.hu\/rendelo\/szolgaltatasok\/mutetek\/\">M\u0171t\u00e9tek<\/a><\/strong><\/p>\n<p style=\"padding-left: 90px;\"><span style=\"color: #33cccc;\"><span style=\"color: #33cccc;\">&#8211; <\/span><a href=\"http:\/\/magnetovitalrendelo.hu\/rendelo\/szolgaltatasok\/mutetek\/tajekoztatok\/\"><span style=\"color: #33cccc;\">T\u00e1j\u00e9koztat\u00f3k<\/span><\/a><\/span><\/p>\n<p style=\"padding-left: 90px;\"><span style=\"color: #33cccc;\"><span style=\"color: #33cccc;\">&#8211; <\/span><a href=\"http:\/\/magnetovitalrendelo.hu\/rendelo\/szolgaltatasok\/mutetek\/az-altalam-leggyakrabban-vegzett-mutetek\/\"><span style=\"color: #33cccc;\">Az \u00e1ltalam leggyakrabban v\u00e9gzett m\u0171t\u00e9tek<\/span><\/a><\/span><\/p>\n<p style=\"padding-left: 60px;\"><strong>&#8211; <a href=\"http:\/\/magnetovitalrendelo.hu\/rendelo\/szolgaltatasok\/pco-szures-es-gondozas\/\">PCO sz\u0171r\u00e9s \u00e9s gondoz\u00e1s<\/a><\/strong><\/p>\n<p style=\"padding-left: 60px;\"><strong>&#8211; <a href=\"http:\/\/magnetovitalrendelo.hu\/rendelo\/szolgaltatasok\/radiesztezia\/\">Radieszt\u00e9zia<\/a><\/strong><\/p>\n<p style=\"padding-left: 60px;\"><strong>&#8211; <a href=\"http:\/\/magnetovitalrendelo.hu\/rendelo\/szolgaltatasok\/schussler-so-terapia-es-arcdiagnosztika\/\">Sch\u00fcssler-s\u00f3 ter\u00e1pia \u00e9s arcdiagnosztika<\/a><\/strong><\/p>\n<p style=\"padding-left: 60px;\"><strong>&#8211; <a href=\"http:\/\/magnetovitalrendelo.hu\/rendelo\/szolgaltatasok\/taplalek-kiegeszitok\/\">T\u00e1pl\u00e1l\u00e9k kieg\u00e9sz\u00edt\u0151k<\/a><\/strong><\/p>\n<p style=\"padding-left: 90px;\"><span style=\"color: #33cccc;\"><span style=\"color: #33cccc;\">&#8211; <\/span><a href=\"http:\/\/magnetovitalrendelo.hu\/rendelo\/szolgaltatasok\/taplalek-kiegeszitok\/az-magzatvedo-vitaminokrol\/\"><span style=\"color: #33cccc;\">A magzatv\u00e9d\u0151 vitaminokr\u00f3l<\/span><\/a><\/span><\/p>\n<p style=\"padding-left: 90px;\"><span style=\"color: #33cccc;\"><span style=\"color: #33cccc;\">&#8211; <\/span><a href=\"http:\/\/magnetovitalrendelo.hu\/rendelo\/szolgaltatasok\/taplalek-kiegeszitok\/ganoderma\/\"><span style=\"color: #33cccc;\">Ganoderma<\/span><\/a><\/span><\/p>\n<p style=\"padding-left: 90px;\"><span style=\"color: #33cccc;\"><span style=\"color: #33cccc;\">&#8211; <\/span><a href=\"http:\/\/magnetovitalrendelo.hu\/rendelo\/szolgaltatasok\/taplalek-kiegeszitok\/menopausal-vitaminkombinacio-a-klimaxos-panaszok-megelozesere\/\"><span style=\"color: #33cccc;\">Menopausal vitaminkombin\u00e1ci\u00f3<\/span><\/a><\/span><\/p>\n<p style=\"padding-left: 60px;\"><strong>&#8211; <a href=\"http:\/\/magnetovitalrendelo.hu\/rendelo\/szolgaltatasok\/terhestanacsadas-es-szulesfelkeszites\/\">Terhestan\u00e1csad\u00e1s \u00e9s sz\u00fcl\u00e9sfelk\u00e9sz\u00edt\u00e9s<\/a><\/strong><\/p>\n<p style=\"padding-left: 90px;\"><span style=\"color: #33cccc;\"><span style=\"color: #33cccc;\">&#8211; <\/span><a href=\"http:\/\/magnetovitalrendelo.hu\/rendelo\/szolgaltatasok\/terhestanacsadas-es-szulesfelkeszites\/amit-a-ctg-vizsgalatrol-tudni-kell\/\"><span style=\"color: #33cccc;\">Amit a CTG-vizsg\u00e1latr\u00f3l tudni kell<\/span><\/a><\/span><\/p>\n<p style=\"padding-left: 90px;\"><span style=\"color: #33cccc;\"><span style=\"color: #33cccc;\">&#8211; <\/span><a href=\"http:\/\/magnetovitalrendelo.hu\/rendelo\/szolgaltatasok\/terhestanacsadas-es-szulesfelkeszites\/kismama-baba-program-a-testileg-es-lelkileg-egeszsegesebb-jovoert\/\"><span style=\"color: #33cccc;\">Kismama-baba program<\/span><\/a><\/span><\/p>\n<p style=\"padding-left: 90px;\"><span style=\"color: #33cccc;\"><span style=\"color: #33cccc;\">&#8211; <\/span><a href=\"http:\/\/magnetovitalrendelo.hu\/rendelo\/szolgaltatasok\/terhestanacsadas-es-szulesfelkeszites\/szulesi-fajdalomcsillapitas\/\"><span style=\"color: #33cccc;\">Sz\u00fcl\u00e9si f\u00e1jdalomcsillap\u00edt\u00e1s<\/span><\/a><\/span><\/p>\n<p style=\"padding-left: 60px;\"><strong>&#8211; <a href=\"http:\/\/magnetovitalrendelo.hu\/rendelo\/szolgaltatasok\/testgyertya-terapia\/\">Testgyertya-ter\u00e1pia<\/a><\/strong><\/p>\n<p style=\"padding-left: 60px;\"><strong>&#8211; <a href=\"http:\/\/magnetovitalrendelo.hu\/rendelo\/szolgaltatasok\/valtozaskori-problemak-kivizsgalasa-es-kezelese\/\">V\u00e1ltoz\u00e1skori probl\u00e9m\u00e1k kivizsg\u00e1l\u00e1sa \u00e9s kezel\u00e9se<\/a><\/strong><\/p>\n<p style=\"padding-left: 60px;\"><strong>&#8211; <a href=\"http:\/\/magnetovitalrendelo.hu\/rendelo\/szolgaltatasok\/vaszati\/\">Vaszati t\u00e9renergia-rendez\u00e9s<\/a><\/strong><\/p>\n<p style=\"padding-left: 30px;\"><strong>&#8211; <a href=\"http:\/\/magnetovitalrendelo.hu\/rendelo\/bemutatkozas\/\">A rendel\u0151 bemutat\u00e1sa<\/a><\/strong><\/p>\n<p style=\"padding-left: 30px;\"><strong>&#8211; <a href=\"http:\/\/magnetovitalrendelo.hu\/rendelo\/gyogyitasi-filozofiank\/\">Gy\u00f3gy\u00edt\u00e1si filoz\u00f3fi\u00e1nk<\/a><\/strong><\/p>\n<p style=\"padding-left: 60px;\">&#8211; <a href=\"http:\/\/magnetovitalrendelo.hu\/rendelo\/gyogyitasi-filozofiank\/miert-van-nagy-jelentosege-a-munkanknak\/\">Mi\u00e9rt van nagy jelent\u0151s\u00e9ge a munk\u00e1nknak?<\/a><\/p>\n<p style=\"padding-left: 30px;\"><strong>&#8211; <a href=\"http:\/\/magnetovitalrendelo.hu\/rendelo\/szakmai-kerdes\/\">Van k\u00e9rd\u00e9se?<\/a><\/strong><\/p>\n<p style=\"padding-left: 60px;\">&#8211; <a href=\"http:\/\/magnetovitalrendelo.hu\/rendelo\/szakmai-kerdes\/gy-i-k\/\">GY.I.K. \u2013 Gyakran Ism\u00e9telt K\u00e9rd\u00e9sek<\/a><\/p>\n<p style=\"padding-left: 30px;\"><strong>&#8211; <a href=\"http:\/\/magnetovitalrendelo.hu\/rendelo\/munkatarsaink\/\">Munkat\u00e1rsaink<\/a><\/strong><\/p>\n<p style=\"padding-left: 30px;\"><strong>&#8211; <a href=\"http:\/\/magnetovitalrendelo.hu\/rendelo\/partnerek\/\">Partnerek<\/a><\/strong><\/p>\n<p style=\"padding-left: 30px;\"><strong>&#8211; <a href=\"http:\/\/magnetovitalrendelo.hu\/rendelo\/ajanlataink\/\">Aj\u00e1nlataink<\/a><\/strong><\/p>\n<p style=\"padding-left: 30px;\"><strong>&#8211; <a href=\"http:\/\/magnetovitalrendelo.hu\/rendelo\/arlista\/\">\u00c1rlista<\/a><\/strong><\/p>\n<p style=\"padding-left: 60px;\">&#8211; <a href=\"http:\/\/magnetovitalrendelo.hu\/rendelo\/arlista\/rendeloi\/\">Rendel\u0151i<\/a><\/p>\n<p style=\"padding-left: 60px;\">&#8211; <a href=\"http:\/\/magnetovitalrendelo.hu\/rendelo\/arlista\/radiesztezia\/\">Radieszt\u00e9zia<\/a><\/p>\n<p style=\"padding-left: 60px;\">&#8211; <a href=\"http:\/\/magnetovitalrendelo.hu\/rendelo\/arlista\/vaszati\/\">Vaszati<\/a><\/p>\n<p style=\"padding-left: 60px;\">&#8211; <a href=\"http:\/\/magnetovitalrendelo.hu\/rendelo\/arlista\/eft\/\">\u00c9FT<\/a><\/p>\n<p style=\"padding-left: 60px;\">&#8211; <a href=\"http:\/\/magnetovitalrendelo.hu\/rendelo\/arlista\/a-velunk-szerzodott-egeszsegpenztarak\/\">Eg\u00e9szs\u00e9gp\u00e9nzt\u00e1rak<\/a><\/p>\n<p style=\"padding-left: 30px;\"><strong>&#8211; <a href=\"http:\/\/magnetovitalrendelo.hu\/rendelo\/elerhetosegeink\/\">El\u00e9rhet\u0151s\u00e9geink<\/a><\/strong><\/p>\n<p style=\"padding-left: 60px;\">&#8211; <a href=\"http:\/\/magnetovitalrendelo.hu\/rendelo\/korhazi-hatter\/\">K\u00f3rh\u00e1zi h\u00e1tt\u00e9r<\/a><\/p>\n","protected":false},"excerpt":{"rendered":"<p>&#8211; Kezd\u0151oldal &#8211; Lados \u00c9va &#8211; Dr Hamvas Ferenc &#8211; Aki t\u00f6bbet szeretne r\u00f3lam \u00e9s a felfog\u00e1somr\u00f3l megtudni &#8211; Akiknek sokat k\u00f6sz\u00f6nhetek\u2026 &#8211; Magnetovital Rendel\u0151 &#8211; Szolg\u00e1ltat\u00e1saink &#8211; Agyhull\u00e1m-hangol\u00e1s &#8211; Agytr\u00e9ner-kezel\u00e9s &#8211; Az agytr\u00e9ner-kezel\u00e9s alapelve &#8211; Az agytr\u00e9ner-teszt \u00e9s a kezel\u00e9s kivitelez\u00e9se &#8211; Agyt\u00e1pl\u00e1l\u00e1s &#8211; \u00c1llapotfelm\u00e9r\u00e9s &#8211; \u00c1ltal\u00e1nos sz\u00fcl\u00e9szet, n\u0151gy\u00f3gy\u00e1szat, onkol\u00f3gia &#8211; N\u00e9h\u00e1ny betegs\u00e9gr\u0151l b\u0151vebben [&hellip;]<\/p>\n","protected":false},"author":1,"featured_media":0,"parent":2,"menu_order":0,"comment_status":"closed","ping_status":"closed","template":"","meta":{"_mi_skip_tracking":false},"_links":{"self":[{"href":"http:\/\/magnetovitalrendelo.hu\/rendelo\/wp-json\/wp\/v2\/pages\/977"}],"collection":[{"href":"http:\/\/magnetovitalrendelo.hu\/rendelo\/wp-json\/wp\/v2\/pages"}],"about":[{"href":"http:\/\/magnetovitalrendelo.hu\/rendelo\/wp-json\/wp\/v2\/types\/page"}],"author":[{"embeddable":true,"href":"http:\/\/magnetovitalrendelo.hu\/rendelo\/wp-json\/wp\/v2\/users\/1"}],"replies":[{"embeddable":true,"href":"http:\/\/magnetovitalrendelo.hu\/rendelo\/wp-json\/wp\/v2\/comments?post=977"}],"version-history":[{"count":1,"href":"http:\/\/magnetovitalrendelo.hu\/rendelo\/wp-json\/wp\/v2\/pages\/977\/revisions"}],"predecessor-version":[{"id":1349,"href":"http:\/\/magnetovitalrendelo.hu\/rendelo\/wp-json\/wp\/v2\/pages\/977\/revisions\/1349"}],"up":[{"embeddable":true,"href":"http:\/\/magnetovitalrendelo.hu\/rendelo\/wp-json\/wp\/v2\/pages\/2"}],"wp:attachment":[{"href":"http:\/\/magnetovitalrendelo.hu\/rendelo\/wp-json\/wp\/v2\/media?parent=977"}],"curies":[{"name":"wp","href":"https:\/\/api.w.org\/{rel}","templated":true}]}}