{"id":697,"date":"2013-03-12T17:26:28","date_gmt":"2013-03-12T16:26:28","guid":{"rendered":"http:\/\/magnetovitalrendelo.hu\/rendelo\/?page_id=697"},"modified":"2015-09-02T10:58:20","modified_gmt":"2015-09-02T08:58:20","slug":"nehany-betegsegrol-bovebben","status":"publish","type":"page","link":"http:\/\/magnetovitalrendelo.hu\/rendelo\/szolgaltatasaink-2\/altalanos-szuleszet-nogyogyaszat-onkologia\/nehany-betegsegrol-bovebben\/","title":{"rendered":"N\u00e9h\u00e1ny betegs\u00e9gr\u0151l b\u0151vebben"},"content":{"rendered":"<ul>\n<li>\n<h3><a href=\"http:\/\/magnetovitalrendelo.hu\/rendelo\/szolgaltatasok\/altalanos-szuleszet-nogyogyaszat-onkologia\/nehany-betegsegrol-bovebben\/szexualis-uton-terjedo-fertozesek\/\"><span style=\"color: #3366ff;\"><img loading=\"lazy\" class=\"alignright size-full wp-image-712\" src=\"http:\/\/magnetovitalrendelo.hu\/rendelo\/wp-content\/uploads\/sites\/4\/2013\/03\/nehany_betegsegrol_bovebben.jpg\" alt=\"nehany_betegsegrol_bovebben\" width=\"355\" height=\"249\" srcset=\"http:\/\/magnetovitalrendelo.hu\/rendelo\/wp-content\/uploads\/sites\/4\/2013\/03\/nehany_betegsegrol_bovebben.jpg 355w, http:\/\/magnetovitalrendelo.hu\/rendelo\/wp-content\/uploads\/sites\/4\/2013\/03\/nehany_betegsegrol_bovebben-300x210.jpg 300w\" sizes=\"(max-width: 355px) 100vw, 355px\" \/>Szexu\u00e1lis \u00faton terjed\u0151 fert\u0151z\u00e9sek<\/span><\/a><\/h3>\n<\/li>\n<li>\n<h3><a href=\"http:\/\/magnetovitalrendelo.hu\/rendelo\/szolgaltatasok\/altalanos-szuleszet-nogyogyaszat-onkologia\/nehany-betegsegrol-bovebben\/huvelyi-fertozesek-es-nem-fertozeses-eredetu-folyasok\/\"><span style=\"color: #3366ff;\">H\u00fcvelyi fert\u0151z\u00e9sek \u00e9s nem fert\u0151z\u00e9ses eredet\u0171 foly\u00e1sok<\/span><\/a><\/h3>\n<\/li>\n<li>\n<h3><a href=\"http:\/\/magnetovitalrendelo.hu\/rendelo\/szolgaltatasok\/altalanos-szuleszet-nogyogyaszat-onkologia\/nehany-betegsegrol-bovebben\/a-menstruacio-es-zavarai\/\"><span style=\"color: #3366ff;\">A menstru\u00e1ci\u00f3 \u00e9s zavarai<\/span><\/a><\/h3>\n<\/li>\n<\/ul>\n<p style=\"text-align: center;\"><a class=\"scss3b-button scss3b-button-googleplus\" href=\"http:\/\/magnetovitalrendelo.hu\/rendelo\/szakmai-kerdes\/\">Van szem\u00e9lyes k\u00e9rd\u00e9se? Itt f\u00f6lteheti! <\/a><\/p>\n","protected":false},"excerpt":{"rendered":"<p>Szexu\u00e1lis \u00faton terjed\u0151 fert\u0151z\u00e9sek H\u00fcvelyi fert\u0151z\u00e9sek \u00e9s nem fert\u0151z\u00e9ses eredet\u0171 foly\u00e1sok A menstru\u00e1ci\u00f3 \u00e9s zavarai<\/p>\n","protected":false},"author":1,"featured_media":0,"parent":53,"menu_order":0,"comment_status":"closed","ping_status":"closed","template":"","meta":{"_mi_skip_tracking":false},"_links":{"self":[{"href":"http:\/\/magnetovitalrendelo.hu\/rendelo\/wp-json\/wp\/v2\/pages\/697"}],"collection":[{"href":"http:\/\/magnetovitalrendelo.hu\/rendelo\/wp-json\/wp\/v2\/pages"}],"about":[{"href":"http:\/\/magnetovitalrendelo.hu\/rendelo\/wp-json\/wp\/v2\/types\/page"}],"author":[{"embeddable":true,"href":"http:\/\/magnetovitalrendelo.hu\/rendelo\/wp-json\/wp\/v2\/users\/1"}],"replies":[{"embeddable":true,"href":"http:\/\/magnetovitalrendelo.hu\/rendelo\/wp-json\/wp\/v2\/comments?post=697"}],"version-history":[{"count":2,"href":"http:\/\/magnetovitalrendelo.hu\/rendelo\/wp-json\/wp\/v2\/pages\/697\/revisions"}],"predecessor-version":[{"id":1470,"href":"http:\/\/magnetovitalrendelo.hu\/rendelo\/wp-json\/wp\/v2\/pages\/697\/revisions\/1470"}],"up":[{"embeddable":true,"href":"http:\/\/magnetovitalrendelo.hu\/rendelo\/wp-json\/wp\/v2\/pages\/53"}],"wp:attachment":[{"href":"http:\/\/magnetovitalrendelo.hu\/rendelo\/wp-json\/wp\/v2\/media?parent=697"}],"curies":[{"name":"wp","href":"https:\/\/api.w.org\/{rel}","templated":true}]}}