{"id":671,"date":"2013-03-12T16:55:09","date_gmt":"2013-03-12T15:55:09","guid":{"rendered":"http:\/\/magnetovitalrendelo.hu\/rendelo\/?page_id=671"},"modified":"2015-09-02T11:00:37","modified_gmt":"2015-09-02T09:00:37","slug":"nogyogyaszati-szurovizsgalat","status":"publish","type":"page","link":"http:\/\/magnetovitalrendelo.hu\/rendelo\/szolgaltatasaink-2\/altalanos-szuleszet-nogyogyaszat-onkologia\/nogyogyaszati-szurovizsgalat\/","title":{"rendered":"N\u0151gy\u00f3gy\u00e1szati sz\u0171r\u0151vizsg\u00e1lat"},"content":{"rendered":"<div class=\"printfriendly pf-button \"><a href=\"http:\/\/magnetovitalrendelo.hu\/rendelo\/szolgaltatasaink-2\/altalanos-szuleszet-nogyogyaszat-onkologia\/nogyogyaszati-szurovizsgalat\/?pfstyle=wp\" rel=\"nofollow\"  title=\"Printer Friendly, PDF & Email\"><img src=\"http:\/\/magnetovitalrendelo.hu\/k\/pf-button-both.gif\" alt=\"Print Friendly, PDF & Email\" class=\"pf-button-img\" style=\"\"  \/><\/a><\/div>\n<p><span style=\"color: #0000ff;\"><strong>A n\u0151gy\u00f3gy\u00e1szati r\u00e1kos megbeteged\u00e9sek megel\u0151z\u00e9s\u00e9re sz\u0171r\u0151vizsg\u00e1latokat v\u00e9gz\u00fcnk. Ezek a vizsg\u00e1latok nemcsak a megel\u0151z\u00e9st, hanem a m\u00e9g korai st\u00e1dium\u00fa daganatok \u00e9szlel\u00e9s\u00e9t is szolg\u00e1lj\u00e1k. \u00cdgy id\u0151ben fel tudjuk ismerni a sz\u00f6vetek r\u00e1kos elfajul\u00e1s\u00e1t \u00e9s ennek megfelel\u0151en a kezel\u00e9st a daganat korai st\u00e1dium\u00e1ban megkezdhetj\u00fck.<\/strong><\/span><\/p>\n<p>Az, hogy egy sz\u0171r\u0151vizsg\u00e1latot milyen id\u0151k\u00f6z\u00f6nk\u00e9nt kell elv\u00e9gezni att\u00f3l f\u00fcgg hogy az adott daganat milyen id\u0151 alatt \u00e9ri el azt a st\u00e1diumot, amikor m\u00e9g j\u00f3 es\u00e9llyel teljes gy\u00f3gyul\u00e1s \u00e9rhet\u0151 el. P\u00e9ld\u00e1ul szakmai aj\u00e1nl\u00e1sok alapj\u00e1n a m\u00e9hnyakr\u00e1k sz\u0171r\u00e9s\u00e9t \u00e9vente v\u00e9gezz\u00fck. Gyakorlatilag ez azt jelenti, hogy az \u00e9vente elv\u00e9gzett m\u00e9hnyakr\u00e1k sz\u0171r\u00e9s mellett &#8211; egyes kiv\u00e9telesen rossz-indulat\u00fa eseteket kiv\u00e9ve &#8211; a s\u00falyos m\u00e9hnyakr\u00e1k kialakul\u00e1s\u00e1nak es\u00e9lye rendk\u00edv\u00fcl alacsony.<\/p>\n<p><strong>Magyarorsz\u00e1gon a n\u0151gy\u00f3gy\u00e1szati sz\u0171r\u0151vizsg\u00e1latok a k\u00f6vetkez\u0151k:<\/strong><\/p>\n<ul>\n<li>m\u00e9hnyakr\u00e1k-sz\u0171r\u00e9s (un. cytologiai vizsg\u00e1lat)<\/li>\n<li>eml\u0151r\u00e1k-sz\u0171r\u00e9s (un. mammogr\u00e1fia \u00e9s az eml\u0151 ultrahangos vizsg\u00e1lata)<\/li>\n<li>petef\u00e9szek \u00e9s m\u00e9htestr\u00e1k (a petef\u00e9szek \u00e9s a m\u00e9htest ultrahangos vizsg\u00e1lat\u00e1val)<\/li>\n<li>petef\u00e9szekr\u00e1k \u00e9s eml\u0151r\u00e1k (csal\u00e1dban el\u0151fordul\u00f3 petef\u00e9szekr\u00e1k \u00e9s eml\u0151r\u00e1k eset\u00e9n genetikai \u00e9s un. tumormarker-vizsg\u00e1latra van lehet\u0151s\u00e9g).<\/li>\n<\/ul>\n<table border=\"0\" width=\"900\">\n<tbody>\n<tr>\n<td style=\"text-align: center;\"><span style=\"color: #993300;\"><strong>Eml\u0151r\u00e1k-sz\u0171r\u00e9s<\/strong><\/span><\/td>\n<td style=\"text-align: center;\"><span style=\"color: #993300;\"><strong>M\u00e9hnyakr\u00e1k-sz\u0171r\u00e9s<\/strong><\/span><\/td>\n<td style=\"text-align: center;\"><span style=\"color: #993300;\"><strong>Petef\u00e9szek- \u00e9s m\u00e9htestr\u00e1k-sz\u0171r\u00e9s<\/strong><\/span><\/td>\n<\/tr>\n<tr>\n<td><a href=\"http:\/\/magnetovitalrendelo.hu\/rendelo\/szolgaltatasok\/altalanos-szuleszet-nogyogyaszat-onkologia\/nogyogyaszati-szurovizsgalat\/emlorak-szures\/\"><img loading=\"lazy\" class=\"aligncenter size-full wp-image-679\" src=\"http:\/\/magnetovitalrendelo.hu\/rendelo\/wp-content\/uploads\/sites\/4\/2013\/03\/emlorak_szures-0.jpg\" alt=\"emlorak_szures-0\" width=\"300\" height=\"130\" \/><\/a><\/td>\n<td><a href=\"http:\/\/magnetovitalrendelo.hu\/rendelo\/szolgaltatasok\/altalanos-szuleszet-nogyogyaszat-onkologia\/nogyogyaszati-szurovizsgalat\/mehnyakrak-szures\/\"><img loading=\"lazy\" class=\"aligncenter size-full wp-image-680\" src=\"http:\/\/magnetovitalrendelo.hu\/rendelo\/wp-content\/uploads\/sites\/4\/2013\/03\/mehnyakrak_szures-0.jpg\" alt=\"mehnyakrak_szures-0\" width=\"300\" height=\"130\" \/><\/a><\/td>\n<td><a href=\"http:\/\/magnetovitalrendelo.hu\/rendelo\/szolgaltatasok\/altalanos-szuleszet-nogyogyaszat-onkologia\/nogyogyaszati-szurovizsgalat\/petefeszek-es-mehestrak-szures\/\"><img loading=\"lazy\" class=\"aligncenter size-full wp-image-681\" src=\"http:\/\/magnetovitalrendelo.hu\/rendelo\/wp-content\/uploads\/sites\/4\/2013\/03\/petefeszekrak_szures-0.jpg\" alt=\"petefeszekrak_szures-0\" width=\"300\" height=\"130\" \/><\/a><\/td>\n<\/tr>\n<\/tbody>\n<\/table>\n<p><span style=\"color: #ff0000;\"><strong>A k\u00f6vetkez\u0151 t\u00fcneteket rendk\u00edv\u00fcl komolyan kell venni \u00e9s miel\u0151bb orvoshoz kell fordulni:<\/strong><\/span><\/p>\n<ul>\n<li><span style=\"color: #ff0000;\">40 \u00e9ves kor f\u00f6l\u00f6tt jelentkez\u0151, gyakori, vagy a menstru\u00e1ci\u00f3s ciklust\u00f3l f\u00fcggetlen v\u00e9rz\u00e9s (ak\u00e1r egy napig tart\u00f3 kev\u00e9s v\u00e9rezget\u00e9s, vagy v\u00e9res foly\u00e1s eset\u00e9n is),<\/span><\/li>\n<li><span style=\"color: #ff0000;\">45 \u00e9ves kor alatti v\u00e9rz\u00e9skimarad\u00e1s (terhess\u00e9g elleni) v\u00e9dekez\u00e9s mellett,<\/span><\/li>\n<li><span style=\"color: #ff0000;\">szem\u00f6lcs\u00f6k, n\u00f6ved\u00e9kek a h\u00fcvelybemenet k\u00f6r\u00fcl, vagy a h\u00fcvelyben,<\/span><\/li>\n<li><span style=\"color: #ff0000;\">helyi kezel\u00e9sre (ken\u0151cs, ecsetel\u0151) nem sz\u0171n\u0151 viszket\u00e9s a k\u00fcls\u0151 nemi szerveken,<\/span><\/li>\n<li><span style=\"color: #ff0000;\">b\u0171z\u00f6s, barn\u00e1s vagy h\u00fasl\u00e9szer\u0171 foly\u00e1s,<\/span><\/li>\n<li><span style=\"color: #ff0000;\">gyakori vizel\u00e9si inger, alhasi nyom\u00e1s\u00e9rz\u00e9s, sz\u00e9kel\u00e9si szok\u00e1sok megv\u00e1ltoz\u00e1sa (sz\u00e9kreked\u00e9s vagy hasmen\u00e9s),<\/span><\/li>\n<li><span style=\"color: #ff0000;\">alhasi f\u00e1jdalom,<\/span><\/li>\n<li><span style=\"color: #ff0000;\">fogy\u00e1s, gyenges\u00e9g, kimer\u00fclts\u00e9g,<\/span><\/li>\n<li><span style=\"color: #ff0000;\">gyakori, vagy \u00e1lland\u00f3 h\u0151emelked\u00e9s vagy l\u00e1z,<\/span><\/li>\n<li><span style=\"color: #ff0000;\">eml\u0151ben a menstru\u00e1ci\u00f3 ut\u00e1n egy 7-10 nappal is tapinthat\u00f3 kem\u00e9ny csom\u00f3\/g\u00f6b,<\/span><\/li>\n<li><span style=\"color: #ff0000;\">a h\u00f3naljban tapinthat\u00f3 csom\u00f3,<\/span><\/li>\n<li><span style=\"color: #ff0000;\">a mellizom alatt tapinthat\u00f3 csom\u00f3,<\/span><\/li>\n<li><span style=\"color: #ff0000;\">v\u00e1lad\u00e9koz\u00e1s a mellbimb\u00f3b\u00f3l (feh\u00e9r \/v\u00e9res \/barn\u00e1s \/sz\u00edntelen v\u00e1lad\u00e9k),<\/span><\/li>\n<li><span style=\"color: #ff0000;\">az eml\u0151 b\u0151r\u00e9nek egyes ter\u00fcleteken el\u0151fordul\u00f3 narancsb\u0151r-szer\u0171 \u00e1talakul\u00e1sa,<\/span><\/li>\n<li><span style=\"color: #ff0000;\">nem gy\u00f3gyul\u00f3 sebek, fek\u00e9lyek az eml\u0151n, a k\u00fcls\u0151 nemi szerveken (nagyajkak, kis-ajkak, csikl\u00f3, h\u00fcvely-v\u00e9gb\u00e9lny\u00edl\u00e1s k\u00f6z\u00f6tti ter\u00fclet).<\/span><\/li>\n<\/ul>\n<p><span style=\"color: #000080;\"><strong>Csal\u00e1dban halmozottan el\u0151fordul\u00f3 petef\u00e9szek \u00e9s\/vagy eml\u0151r\u00e1k eset\u00e9n a vizsg\u00e1latokat kieg\u00e9sz\u00edtj\u00fck genetikai m\u00f3dszerekkel is.<\/strong><\/span><\/p>\n<ul>\n<li>Igen indokolt esetben v\u00e9gezz\u00fck, mivel a vizsg\u00e1lat rendk\u00edv\u00fcl k\u00f6lts\u00e9ges \u00e9s id\u0151ig\u00e9nyes (h\u00f3napokig is tarthat).<\/li>\n<li>Ha az egyenes \u00e1gi felmen\u0151 rokons\u00e1gban els\u0151 \u00e1gon (anya-apa-nagyn\u00e9ni-nagyb\u00e1csi) legal\u00e1bb k\u00e9t megbeteged\u00e9s (eml\u0151\/petef\u00e9szek rosszindulat\u00fa daganata) el\u0151fordult, vagy els\u0151 \u00e1gon egy megbeteged\u00e9s \u00e9s m\u00e1sodik \u00e1gon k\u00e9t tov\u00e1bbi megbeteged\u00e9s el\u0151fordult.<\/li>\n<\/ul>\n<div class=\"printfriendly pf-button \"><a href=\"http:\/\/magnetovitalrendelo.hu\/rendelo\/szolgaltatasaink-2\/altalanos-szuleszet-nogyogyaszat-onkologia\/nogyogyaszati-szurovizsgalat\/?pfstyle=wp\" rel=\"nofollow\"  title=\"Printer Friendly, PDF & Email\"><img src=\"http:\/\/magnetovitalrendelo.hu\/k\/pf-button-both.gif\" alt=\"Print Friendly, PDF & Email\" class=\"pf-button-img\" style=\"\"  \/><\/a><\/div>\n<p style=\"text-align: center;\"><a class=\"scss3b-button scss3b-button-googleplus\" href=\"http:\/\/magnetovitalrendelo.hu\/rendelo\/szakmai-kerdes\/\">Van szem\u00e9lyes k\u00e9rd\u00e9se? Itt f\u00f6lteheti! <\/a><\/p>\n","protected":false},"excerpt":{"rendered":"<p>A n\u0151gy\u00f3gy\u00e1szati r\u00e1kos megbeteged\u00e9sek megel\u0151z\u00e9s\u00e9re sz\u0171r\u0151vizsg\u00e1latokat v\u00e9gz\u00fcnk. Ezek a vizsg\u00e1latok nemcsak a megel\u0151z\u00e9st, hanem a m\u00e9g korai st\u00e1dium\u00fa daganatok \u00e9szlel\u00e9s\u00e9t is szolg\u00e1lj\u00e1k. \u00cdgy id\u0151ben fel tudjuk ismerni a sz\u00f6vetek r\u00e1kos elfajul\u00e1s\u00e1t \u00e9s ennek megfelel\u0151en a kezel\u00e9st a daganat korai st\u00e1dium\u00e1ban megkezdhetj\u00fck. Az, hogy egy sz\u0171r\u0151vizsg\u00e1latot milyen id\u0151k\u00f6z\u00f6nk\u00e9nt kell elv\u00e9gezni att\u00f3l f\u00fcgg hogy az adott daganat [&hellip;]<\/p>\n","protected":false},"author":1,"featured_media":0,"parent":53,"menu_order":0,"comment_status":"closed","ping_status":"closed","template":"","meta":{"_mi_skip_tracking":false},"_links":{"self":[{"href":"http:\/\/magnetovitalrendelo.hu\/rendelo\/wp-json\/wp\/v2\/pages\/671"}],"collection":[{"href":"http:\/\/magnetovitalrendelo.hu\/rendelo\/wp-json\/wp\/v2\/pages"}],"about":[{"href":"http:\/\/magnetovitalrendelo.hu\/rendelo\/wp-json\/wp\/v2\/types\/page"}],"author":[{"embeddable":true,"href":"http:\/\/magnetovitalrendelo.hu\/rendelo\/wp-json\/wp\/v2\/users\/1"}],"replies":[{"embeddable":true,"href":"http:\/\/magnetovitalrendelo.hu\/rendelo\/wp-json\/wp\/v2\/comments?post=671"}],"version-history":[{"count":3,"href":"http:\/\/magnetovitalrendelo.hu\/rendelo\/wp-json\/wp\/v2\/pages\/671\/revisions"}],"predecessor-version":[{"id":1475,"href":"http:\/\/magnetovitalrendelo.hu\/rendelo\/wp-json\/wp\/v2\/pages\/671\/revisions\/1475"}],"up":[{"embeddable":true,"href":"http:\/\/magnetovitalrendelo.hu\/rendelo\/wp-json\/wp\/v2\/pages\/53"}],"wp:attachment":[{"href":"http:\/\/magnetovitalrendelo.hu\/rendelo\/wp-json\/wp\/v2\/media?parent=671"}],"curies":[{"name":"wp","href":"https:\/\/api.w.org\/{rel}","templated":true}]}}

Nőgyógyászati szűrővizsgálat

<div class="printfriendly pf-button "><a href="http://magnetovitalrendelo.hu/rendelo/szolgaltatasaink-2/altalanos-szuleszet-nogyogyaszat-onkologia/nogyogyaszati-szurovizsgalat/?pfstyle=wp" rel="nofollow"  title="Printer Friendly, PDF & Email"><img src="http://magnetovitalrendelo.hu/k/pf-button-both.gif" alt="Print Friendly, PDF & Email" class="pf-button-img" style=""  /></a></div>
<p><span style="color: #0000ff;"><strong>A nőgyógyászati rákos megbetegedések megelőzésére szűrővizsgálatokat végzünk. Ezek a vizsgálatok nemcsak a megelőzést, hanem a még korai stádiumú daganatok észlelését is szolgálják. Így időben fel tudjuk ismerni a szövetek rákos elfajulását és ennek megfelelően a kezelést a daganat korai stádiumában megkezdhetjük.</strong></span></p>
<p>Az, hogy egy szűrővizsgálatot milyen időközönként kell elvégezni attól függ hogy az adott daganat milyen idő alatt éri el azt a stádiumot, amikor még jó eséllyel teljes gyógyulás érhető el. Például szakmai ajánlások alapján a méhnyakrák szűrését évente végezzük. Gyakorlatilag ez azt jelenti, hogy az évente elvégzett méhnyakrák szűrés mellett &#8211; egyes kivételesen rossz-indulatú eseteket kivéve &#8211; a súlyos méhnyakrák kialakulásának esélye rendkívül alacsony.</p>
<p><strong>Magyarországon a nőgyógyászati szűrővizsgálatok a következők:</strong></p>
<ul>
<li>méhnyakrák-szűrés (un. cytologiai vizsgálat)</li>
<li>emlőrák-szűrés (un. mammográfia és az emlő ultrahangos vizsgálata)</li>
<li>petefészek és méhtestrák (a petefészek és a méhtest ultrahangos vizsgálatával)</li>
<li>petefészekrák és emlőrák (családban előforduló petefészekrák és emlőrák esetén genetikai és un. tumormarker-vizsgálatra van lehetőség).</li>
</ul>
<table border="0" width="900">
<tbody>
<tr>
<td style="text-align: center;"><span style="color: #993300;"><strong>Emlőrák-szűrés</strong></span></td>
<td style="text-align: center;"><span style="color: #993300;"><strong>Méhnyakrák-szűrés</strong></span></td>
<td style="text-align: center;"><span style="color: #993300;"><strong>Petefészek- és méhtestrák-szűrés</strong></span></td>
</tr>
<tr>
<td><a href="http://magnetovitalrendelo.hu/rendelo/szolgaltatasok/altalanos-szuleszet-nogyogyaszat-onkologia/nogyogyaszati-szurovizsgalat/emlorak-szures/"><img loading="lazy" class="aligncenter size-full wp-image-679" src="http://magnetovitalrendelo.hu/rendelo/wp-content/uploads/sites/4/2013/03/emlorak_szures-0.jpg" alt="emlorak_szures-0" width="300" height="130" /></a></td>
<td><a href="http://magnetovitalrendelo.hu/rendelo/szolgaltatasok/altalanos-szuleszet-nogyogyaszat-onkologia/nogyogyaszati-szurovizsgalat/mehnyakrak-szures/"><img loading="lazy" class="aligncenter size-full wp-image-680" src="http://magnetovitalrendelo.hu/rendelo/wp-content/uploads/sites/4/2013/03/mehnyakrak_szures-0.jpg" alt="mehnyakrak_szures-0" width="300" height="130" /></a></td>
<td><a href="http://magnetovitalrendelo.hu/rendelo/szolgaltatasok/altalanos-szuleszet-nogyogyaszat-onkologia/nogyogyaszati-szurovizsgalat/petefeszek-es-mehestrak-szures/"><img loading="lazy" class="aligncenter size-full wp-image-681" src="http://magnetovitalrendelo.hu/rendelo/wp-content/uploads/sites/4/2013/03/petefeszekrak_szures-0.jpg" alt="petefeszekrak_szures-0" width="300" height="130" /></a></td>
</tr>
</tbody>
</table>
<p><span style="color: #ff0000;"><strong>A következő tüneteket rendkívül komolyan kell venni és mielőbb orvoshoz kell fordulni:</strong></span></p>
<ul>
<li><span style="color: #ff0000;">40 éves kor fölött jelentkező, gyakori, vagy a menstruációs ciklustól független vérzés (akár egy napig tartó kevés vérezgetés, vagy véres folyás esetén is),</span></li>
<li><span style="color: #ff0000;">45 éves kor alatti vérzéskimaradás (terhesség elleni) védekezés mellett,</span></li>
<li><span style="color: #ff0000;">szemölcsök, növedékek a hüvelybemenet körül, vagy a hüvelyben,</span></li>
<li><span style="color: #ff0000;">helyi kezelésre (kenőcs, ecsetelő) nem szűnő viszketés a külső nemi szerveken,</span></li>
<li><span style="color: #ff0000;">bűzös, barnás vagy húslészerű folyás,</span></li>
<li><span style="color: #ff0000;">gyakori vizelési inger, alhasi nyomásérzés, székelési szokások megváltozása (székrekedés vagy hasmenés),</span></li>
<li><span style="color: #ff0000;">alhasi fájdalom,</span></li>
<li><span style="color: #ff0000;">fogyás, gyengeség, kimerültség,</span></li>
<li><span style="color: #ff0000;">gyakori, vagy állandó hőemelkedés vagy láz,</span></li>
<li><span style="color: #ff0000;">emlőben a menstruáció után egy 7-10 nappal is tapintható kemény csomó/göb,</span></li>
<li><span style="color: #ff0000;">a hónaljban tapintható csomó,</span></li>
<li><span style="color: #ff0000;">a mellizom alatt tapintható csomó,</span></li>
<li><span style="color: #ff0000;">váladékozás a mellbimbóból (fehér /véres /barnás /színtelen váladék),</span></li>
<li><span style="color: #ff0000;">az emlő bőrének egyes területeken előforduló narancsbőr-szerű átalakulása,</span></li>
<li><span style="color: #ff0000;">nem gyógyuló sebek, fekélyek az emlőn, a külső nemi szerveken (nagyajkak, kis-ajkak, csikló, hüvely-végbélnyílás közötti terület).</span></li>
</ul>
<p><span style="color: #000080;"><strong>Családban halmozottan előforduló petefészek és/vagy emlőrák esetén a vizsgálatokat kiegészítjük genetikai módszerekkel is.</strong></span></p>
<ul>
<li>Igen indokolt esetben végezzük, mivel a vizsgálat rendkívül költséges és időigényes (hónapokig is tarthat).</li>
<li>Ha az egyenes ági felmenő rokonságban első ágon (anya-apa-nagynéni-nagybácsi) legalább két megbetegedés (emlő/petefészek rosszindulatú daganata) előfordult, vagy első ágon egy megbetegedés és második ágon két további megbetegedés előfordult.</li>
</ul>
<div class="printfriendly pf-button "><a href="http://magnetovitalrendelo.hu/rendelo/szolgaltatasaink-2/altalanos-szuleszet-nogyogyaszat-onkologia/nogyogyaszati-szurovizsgalat/?pfstyle=wp" rel="nofollow"  title="Printer Friendly, PDF & Email"><img src="http://magnetovitalrendelo.hu/k/pf-button-both.gif" alt="Print Friendly, PDF & Email" class="pf-button-img" style=""  /></a></div>
<p style="text-align: center;"><a class="scss3b-button scss3b-button-googleplus" href="http://magnetovitalrendelo.hu/rendelo/szakmai-kerdes/">Van személyes kérdése? Itt fölteheti! </a></p>

<p>A nőgyógyászati rákos megbetegedések megelőzésére szűrővizsgálatokat végzünk. Ezek a vizsgálatok nemcsak a megelőzést, hanem a még korai stádiumú daganatok észlelését is szolgálják. Így időben fel tudjuk ismerni a szövetek rákos elfajulását és ennek megfelelően a kezelést a daganat korai stádiumában megkezdhetjük. Az, hogy egy szűrővizsgálatot milyen időközönként kell elvégezni attól függ hogy az adott daganat [&hellip;]</p>
