{"id":663,"date":"2013-03-12T16:38:42","date_gmt":"2013-03-12T15:38:42","guid":{"rendered":"http:\/\/magnetovitalrendelo.hu\/rendelo\/?page_id=663"},"modified":"2015-09-02T11:00:54","modified_gmt":"2015-09-02T09:00:54","slug":"nogyogyaszati-vizsgalat","status":"publish","type":"page","link":"http:\/\/magnetovitalrendelo.hu\/rendelo\/szolgaltatasaink-2\/altalanos-szuleszet-nogyogyaszat-onkologia\/nogyogyaszati-vizsgalat\/","title":{"rendered":"N\u0151gy\u00f3gy\u00e1szati vizsg\u00e1lat"},"content":{"rendered":"<div class=\"printfriendly pf-button \"><a href=\"http:\/\/magnetovitalrendelo.hu\/rendelo\/szolgaltatasaink-2\/altalanos-szuleszet-nogyogyaszat-onkologia\/nogyogyaszati-vizsgalat\/?pfstyle=wp\" rel=\"nofollow\"  title=\"Printer Friendly, PDF & Email\"><img src=\"http:\/\/magnetovitalrendelo.hu\/k\/pf-button-both.gif\" alt=\"Print Friendly, PDF & Email\" class=\"pf-button-img\" style=\"\"  \/><\/a><\/div>\n<h3><span style=\"color: #3366ff;\">A n\u0151gy\u00f3gy\u00e1szati vizsg\u00e1lat<\/span><\/h3>\n<p>A vizsg\u00e1lat megkezd\u00e9se el\u0151tt az orvosnak sz\u00fcks\u00e9ge van a <strong>k\u00f3rel\u0151zm\u00e9ny<\/strong> ismeret\u00e9re egyr\u00e9szt a jelenlegi panaszokat, m\u00e1sr\u00e9szt a kor\u00e1bbi betegs\u00e9geket illet\u0151en. Ez\u00e9rt \u00e9rdemes el\u0151re felk\u00e9sz\u00fclni a v\u00e1rhat\u00f3 k\u00e9rd\u00e9sekre, hogy ezzel is seg\u00edts\u00fcnk a pontos t\u00e1j\u00e9koz\u00f3d\u00e1sban, hiszen ennek fontos szerepe van a k\u00e9s\u0151bbi kezel\u00e9s meghat\u00e1roz\u00e1s\u00e1ban.<\/p>\n<p><img loading=\"lazy\" class=\"size-full wp-image-942 alignright\" src=\"http:\/\/magnetovitalrendelo.hu\/rendelo\/wp-content\/uploads\/sites\/4\/2013\/03\/nogyogyaszati_vizsgalat-4.jpg\" alt=\"nogyogyaszati_vizsgalat-4\" width=\"400\" height=\"227\" srcset=\"http:\/\/magnetovitalrendelo.hu\/rendelo\/wp-content\/uploads\/sites\/4\/2013\/03\/nogyogyaszati_vizsgalat-4.jpg 468w, http:\/\/magnetovitalrendelo.hu\/rendelo\/wp-content\/uploads\/sites\/4\/2013\/03\/nogyogyaszati_vizsgalat-4-300x170.jpg 300w\" sizes=\"(max-width: 400px) 100vw, 400px\" \/><\/p>\n<ul>\n<li>A vizsg\u00e1lat el\u0151tt az orvos biztosan megk\u00e9rdezi az utols\u00f3 menstru\u00e1ci\u00f3 idej\u00e9t, a menstru\u00e1ci\u00f3s ciklus f\u0151bb jellemz\u0151it:\n<ul>\n<li>milyen gyakoris\u00e1ggal jelentkezik a v\u00e9rz\u00e9s \/a menstru\u00e1ci\u00f3 els\u0151 napj\u00e1t\u00f3l sz\u00e1m\u00edtva a k\u00f6vetkez\u0151 havi v\u00e9rz\u00e9s els\u0151 napj\u00e1ig\/,<\/li>\n<li>mennyi ideig tart,<\/li>\n<li>v\u00e1ltozott-e a v\u00e9rz\u00e9s gyakoris\u00e1ga, id\u0151tartama, er\u0151ss\u00e9ge? Az els\u0151 menstru\u00e1ci\u00f3 h\u00e1ny \u00e9ves korban volt.<\/li>\n<\/ul>\n<\/li>\n<li>Van-e alhasi panasz: g\u00f6rcs, f\u00e1jdalom, ez milyen jeleg\u0171 \/tompa-\u00e9les; er\u0151s-gyenge\/, helye.<\/li>\n<li>Van-e foly\u00e1s: ennek sz\u00edne, szaga, mennyis\u00e9ge \u00e9s \u00e1llaga \/pl: b\u0151, darabos\/. A foly\u00e1sok egyik k\u00eds\u00e9r\u0151 t\u00fcnete lehet a h\u00fcvelybemenet vagy a g\u00e1tt\u00e1j viszket\u0151, \u00e9g\u0151 \u00e9rz\u00e9se.<\/li>\n<li>Vizelet\u00fcr\u00edt\u00e9skor jelentkezik-e panasz: f\u00e1jdalom, v\u00e9r a vizeletben, cs\u00edp\u0151 vagy \u00e9g\u0151 \u00e9rz\u00e9s, gyakori vizelet\u00fcr\u00edt\u00e9s, egy\u00e9b.<\/li>\n<li>\u00c9szrevett-e alaki elt\u00e9r\u00e9st a k\u00fcls\u0151 nemi szerveken: apr\u00f3 h\u00f3lyagok vagy &#8220;szem\u00f6lcs\u00f6k&#8221; a g\u00e1tt\u00e1jon, mellek tapint\u00e1sakor \u00e9rzett csom\u00f3, stb. \u00c1ltal\u00e1nos szab\u00e1lynak tekinthet\u0151, hogy minden v\u00e1ltoz\u00e1s eset\u00e9n \u00e9rdemes orvosi tan\u00e1csot k\u00e9rni akkor is, ha az nem okoz panaszt, f\u00e1jdalmat, kiv\u00e9tel a nemi szervek fiatalkori \u00e9r\u00e9s\u00e9vel kapcsolatos n\u00f6veked\u00e9s, alaki v\u00e1ltoz\u00e1s.<\/li>\n<\/ul>\n<p>A kor\u00e1bbi betegs\u00e9gekre vonatkoz\u00f3an a k\u00f6vetkez\u0151 k\u00e9rd\u00e9sekre lehet sz\u00e1m\u00edtani:<\/p>\n<ul>\n<li>Kor\u00e1bban volt-e b\u00e1rmilyen n\u0151gy\u00f3gy\u00e1szati betegs\u00e9ge vagy m\u0171t\u00e9tje?<\/li>\n<li>\u00c9lete sor\u00e1n milyen egy\u00e9b m\u0171t\u00e9tei voltak?<\/li>\n<li>\u00c1lland\u00f3 vagy id\u0151szakos, de rendszeres gy\u00f3gyszerszed\u00e9st ig\u00e9nyl\u0151 betegs\u00e9ge van-e?<\/li>\n<li>Van-e ismert gy\u00f3gyszerallergi\u00e1ja?<\/li>\n<\/ul>\n<p><img loading=\"lazy\" class=\"aligncenter size-full wp-image-873\" src=\"http:\/\/magnetovitalrendelo.hu\/rendelo\/wp-content\/uploads\/sites\/4\/2013\/03\/nogyogyaszati_vizsgalat-3.jpg\" alt=\"nogyogyaszati_vizsgalat-3\" width=\"500\" height=\"271\" \/><\/p>\n<p><strong><span style=\"color: #3366ff;\">A vizsg\u00e1lat c\u00e9lja:<\/span><\/strong> annak meg\u00e1llap\u00edt\u00e1s, hogy milyen v\u00e1ltoz\u00e1sok l\u00e1that\u00f3ak, tapinthat\u00f3ak az eg\u00e9szs\u00e9ges \u00e1llapothoz k\u00e9pest.<\/p>\n<p><span style=\"color: #3366ff;\"><strong><img loading=\"lazy\" class=\"alignright size-full wp-image-664\" src=\"http:\/\/magnetovitalrendelo.hu\/rendelo\/wp-content\/uploads\/sites\/4\/2013\/03\/nogyogyaszati_vizsgalat-1.jpg\" alt=\"nogyogyaszati_vizsgalat-1\" width=\"199\" height=\"200\" srcset=\"http:\/\/magnetovitalrendelo.hu\/rendelo\/wp-content\/uploads\/sites\/4\/2013\/03\/nogyogyaszati_vizsgalat-1.jpg 198w, http:\/\/magnetovitalrendelo.hu\/rendelo\/wp-content\/uploads\/sites\/4\/2013\/03\/nogyogyaszati_vizsgalat-1-150x150.jpg 150w\" sizes=\"(max-width: 199px) 100vw, 199px\" \/><\/strong><\/span><span style=\"color: #3366ff;\"><strong>A vizsg\u00e1lat menete:<\/strong><\/span> miut\u00e1n a vizsg\u00e1land\u00f3 h\u00f6lgy elhelyezkedett a n\u0151gy\u00f3gy\u00e1szati vizsg\u00e1l\u00f3-sz\u00e9kben, az orvos a kisajkak sz\u00e9tt\u00e1r\u00e1s\u00e1t k\u00f6vet\u0151en \u00f3vatosan bevezeti egyik kez\u00e9nek mutat\u00f3, vagy mutat\u00f3 \u00e9s k\u00f6z\u00e9ps\u0151 ujj\u00e1t \/1 vagy 2 ujj\u00e1t\/ a h\u00fcvelybe, m\u00e1sik kez\u00e9vel pedig a hasat tapintja \u00e1t, egyidej\u0171leg. A k\u00e9t k\u00e9z k\u00f6z\u00f6tt pontosan meg\u00edt\u00e9lhet\u0151v\u00e9 v\u00e1lik a m\u00e9h helyzete, nagys\u00e1ga, \u00e1t lehet tapintani a m\u00e9h k\u00f6rnyezet\u00e9t, a &#8220;m\u00e9hf\u00fcggel\u00e9keket&#8221;, azaz a petef\u00e9szkeket \u00e9s a petevezet\u0151-ket. A vizsg\u00e1lat sor\u00e1n a szomsz\u00e9dos szervekr\u0151l is lehet inform\u00e1ci\u00f3t gy\u0171jteni: a veset\u00e1jak, a h\u00fagyh\u00f3lyag, a k\u00f6rnyez\u0151 belek \u00e1ttapint\u00e1s\u00e1val.<\/p>\n<p><span style=\"color: #3366ff;\"><strong>Fontos tudnival\u00f3k:<\/strong><\/span><\/p>\n<ul>\n<li>N\u0151gy\u00f3gy\u00e1szati vizsg\u00e1lat el\u0151tt \u00e9rdemes ki\u00fcr\u00edteni a h\u00f3lyagot, mivel telt h\u00fagyh\u00f3lyag &#8220;eltakarhatja&#8221; a m\u00e9het: nehezebb lehet meg\u00edt\u00e9lni a helyzet\u00e9t, \u00e1llapot\u00e1t. Telt h\u00fagyh\u00f3lyag eset\u00e9n az orvos val\u00f3sz\u00edn\u0171leg \u00fagyis ezt fogja k\u00e9rni, \u00e9s ut\u00e1na ism\u00e9tli a vizsg\u00e1latot.<\/li>\n<li>Ha valaki m\u00e9g nem vesz\u00edtette el a sz\u00fczess\u00e9g\u00e9t, a vizsg\u00e1lat el\u0151tt mindenk\u00e9ppen jelezze, mivel ebben az esetben vagy m\u00e9g a szok\u00e1sosn\u00e1l is \u00f3vatosabban, egy ujjal vizsg\u00e1l az orvos, vagy a v\u00e9gb\u00e9l fel\u0151l \/ekkor a vizsg\u00e1l\u00f3keszty\u0171t vazelinnel vagy egy\u00e9b s\u00edkos\u00edt\u00f3 anyaggal kenik be, hogy a vizsg\u00e1lat ne legyen nagyon kellemetlen\/.<\/li>\n<\/ul>\n<p><img loading=\"lazy\" class=\"alignright size-full wp-image-665\" src=\"http:\/\/magnetovitalrendelo.hu\/rendelo\/wp-content\/uploads\/sites\/4\/2013\/03\/nogyogyaszati_vizsgalat-2.jpg\" alt=\"nogyogyaszati_vizsgalat-2\" width=\"178\" height=\"200\" srcset=\"http:\/\/magnetovitalrendelo.hu\/rendelo\/wp-content\/uploads\/sites\/4\/2013\/03\/nogyogyaszati_vizsgalat-2.jpg 303w, http:\/\/magnetovitalrendelo.hu\/rendelo\/wp-content\/uploads\/sites\/4\/2013\/03\/nogyogyaszati_vizsgalat-2-267x300.jpg 267w\" sizes=\"(max-width: 178px) 100vw, 178px\" \/>A nemi szervek k\u00e9zzel val\u00f3 \u00e1ttapint\u00e1sa ut\u00e1n szokott k\u00f6vetkezni a kolposzk\u00f3pos vizsg\u00e1lat, melynek c\u00e9lja a g\u00e1t felsz\u00edn\u00e9nek, a h\u00fcvelynek \u00e9s a m\u00e9hnyak h\u00fcvely fel\u0151li r\u00e9sz\u00e9nek alapos \u00e1ttekint\u00e9se szabad szemmel \u00e9s mikroszk\u00f3ppal. Mivel a h\u00fcvelyfalak egym\u00e1shoz simulnak, ezzel is v\u00e9dve a bels\u0151 szerveket, ehhez egy speci\u00e1lis m\u0171szer sz\u00fcks\u00e9ges: a Cusco-eszk\u00f6z, k\u00f6zismert nev\u00e9n &#8220;kacsa&#8221; \/ezt a nevet kacsacs\u0151rszer\u0171 alakj\u00e1r\u00f3l kapta\/. A m\u0171szert z\u00e1rt \u00e1llapotban vezetik be a h\u00fcvelybe, \u00e9s a m\u00e9hsz\u00e1j k\u00f6zel\u00e9ben nyitj\u00e1k ki, hogy a h\u00fcvelyfalak elemelkedjenek a m\u00e9hsz\u00e1jt\u00f3l. \u00edgy l\u00e1that\u00f3v\u00e1 v\u00e1lnak k\u00f6rben a h\u00fcvelyfalak \u00e9s a m\u00e9hsz\u00e1j is. Az orvos a megtekint\u00e9st k\u00f6vet\u0151en sz\u00fcks\u00e9g eset\u00e9n h\u00fcvelyv\u00e1lad\u00e9kot, illetve &#8220;r\u00e1ksz\u0171r\u00e9sre&#8221; \/hivatalosan: onkocytol\u00f3giai vizsg\u00e1latra\/ mint\u00e1t vesz.<\/p>\n<p>A &#8220;r\u00e1ksz\u0171r\u00e9s&#8221; sor\u00e1n a mintav\u00e9tel a m\u00e9hnyak felsz\u00ednen elhelyezked\u0151 laph\u00e1m-mirigyh\u00e1m hat\u00e1rr\u00f3l lesodort sejtekb\u0151l t\u00f6rt\u00e9nik, illetve a gyan\u00fas elv\u00e1ltoz\u00e1sok felsz\u00edn\u00e9r\u0151l. Ennek eredm\u00e9ny\u00e9t t\u00f6bbf\u00e9le rendszer, beoszt\u00e1s szerint is megadhatj\u00e1k, leggyakrabban szerepel a Papanicoulau szerinti \u00e9rt\u00e9kel\u00e9s is. Ennek eredm\u00e9nye <strong>P 0-5<\/strong> lehet.<strong> P0<\/strong> eset\u00e9n valami miatt a r\u00e1ksz\u0171r\u00e9s nem \u00e9rt\u00e9kelhet\u0151 \/technikai probl\u00e9ma\/, ez\u00e9rt n\u00e9h\u00e1ny h\u00e9t m\u00falva \u00e9rdemes megism\u00e9telni a vizsg\u00e1latot. Eg\u00e9szs\u00e9ges eredm\u00e9ny \u00e9letkort\u00f3l f\u00fcgg\u0151en a<strong> P1-2<\/strong>. Betegs\u00e9gre a <strong>P3-5<\/strong> utal. <strong>P4-5<\/strong> eset\u00e9n m\u00e9hnyakr\u00e1k ir\u00e1ny\u00e1ban v\u00e9geznek tov\u00e1bbi vizsg\u00e1latokat. <strong>P3<\/strong> lehet r\u00e1kmegel\u0151z\u0151 \u00e1llapot jele is, de gyakran er\u0151s gyullad\u00e1s okozza: mindenk\u00e9ppen tov\u00e1bbi kezel\u00e9sre \u00e9s ellen\u0151rz\u00e9sre van sz\u00fcks\u00e9g. A r\u00e1ksz\u0171r\u00e9s eredm\u00e9nye mellett a h\u00fcvelyv\u00e1lad\u00e9kr\u00f3l is kapunk inform\u00e1ci\u00f3t: itt is lehet gyullad\u00e1sos jel, bizonyos k\u00f3rokoz\u00f3k pontosan felismerhet\u0151ek \/gomb\u00e1k, bakt\u00e9riumok, stb.\/. H\u00fcvelyv\u00e1lad\u00e9k v\u00e9telekor csak az ut\u00f3bbit vizsg\u00e1lja a cytol\u00f3gus, itt a minta nem felt\u00e9tlen\u00fcl a m\u00e9hnyak felsz\u00edn\u00e9r\u0151l sz\u00e1rmazik, hanem a h\u00fcvely m\u00e1s r\u00e9sz\u00e9r\u0151l \/h\u00fcvelyboltozat, h\u00fcvelyfalak\/, ekkor nincs &#8220;r\u00e1ksz\u0171r\u00e9s&#8221; eredm\u00e9ny, csak h\u00fcvelyv\u00e1lad\u00e9k.<\/p>\n<p>A &#8220;r\u00e1ksz\u0171r\u00e9s&#8221; r\u00e9sze, hogy seg\u00e9danyagokkal is ecsetelve a m\u00e9hnyak felsz\u00edn\u00e9t, a m\u00e9hsz\u00e1j k\u00f6rnyezet\u00e9t v\u00e9gezz\u00fck a mikroszk\u00f3pos vizsg\u00e1latot. Ennek haszna, hogy mikroszk\u00f3ppal sem l\u00e1that\u00f3 elv\u00e1ltoz\u00e1sokat k\u00e9pes elk\u00fcl\u00f6n\u00edteni: az \u00e9p \u00e9s a beteg r\u00e9szek m\u00e1s sz\u00edn\u0171re fest\u0151dnek.<\/p>\n<p><strong><span style=\"color: #3366ff;\">Leggyakrabban alkalmazott anyagok:<\/span><\/strong><\/p>\n<p><strong>Ecetsav-oldat:<\/strong> h\u00edg ecetsav, \u00edgy cs\u00edp\u0151 \u00e9rz\u00e9st nem okoz \/kiv\u00e9ve er\u0151s gyullad\u00e1s eset\u00e9n, amikor jelentkezhet enyhe panasz\/. Sz\u00edntelen, a ruh\u00e1n nem hagy foltot.<\/p>\n<p><strong>Lugol-oldat:<\/strong> j\u00f3dtartalma miatt barna sz\u00edn\u0171, a feh\u00e9rnem\u0171n hagyott esetleges foltja k\u00f6nnyen moshat\u00f3. Panaszt nem okoz.<\/p>\n<p>A h\u00fcvelyi felt\u00e1r\u00e1s, azaz a &#8220;kacsa&#8221; lehet\u0151s\u00e9get ad h\u00fcvelykezel\u00e9s v\u00e9gz\u00e9s\u00e9re is: az esetlegesen sz\u00fcks\u00e9ges gy\u00f3gyszerek bejuttat\u00e1s\u00e1ra, ecsetel\u00e9sekre.<\/p>\n<p><strong><span style=\"color: #3366ff;\">Fontos tudnival\u00f3k:<\/span><\/strong><\/p>\n<ul>\n<li>Sokf\u00e9le m\u00e9ret\u0171 &#8220;kacsa&#8221; l\u00e9tezik, ez\u00e9rt a megfelel\u0151 m\u00e9ret\u0171 eszk\u00f6zzel v\u00e9gzett vizsg\u00e1lat nem f\u00e1jdalmas, kicsit tal\u00e1n kellemetlen. A vizsg\u00e1lat csak er\u0151s gyullad\u00e1s eset\u00e9n f\u00e1jdalmas. Jav\u00edt a helyzeten, ha a vizsg\u00e1land\u00f3 h\u00f6lgy megfelel\u0151en el tudja laz\u00edtani a g\u00e1tizomzat\u00e1t. Ha kell\u0151en b\u00edzik az orvos\u00e1ban, a reflexszer\u0171en jelentkez\u0151 h\u00fcvely-\u00f6sszeh\u00faz\u00f3d\u00e1s is kisebb \/akkor l\u00e1that\u00f3, ha a h\u00fcvelybemenethez b\u00e1rmi hozz\u00e1\u00e9r, \u00edgy a &#8220;kacsa&#8221; bevezet\u00e9se el\u0151tt is\/.<\/li>\n<li>B\u00e1r a vizsg\u00e1lat sokr\u00e9t\u0171 \u00e9s alapos, n\u00e9h\u00e1ny percig tart, nem megterhel\u0151.<\/li>\n<li>Sz\u0171z h\u00f6lgyeket \u00e1ltal\u00e1ban nem vizsg\u00e1lunk &#8220;kacs\u00e1val&#8221;. A ritka kiv\u00e9telek eset\u00e9ben speci\u00e1lis, erre kialak\u00edtott v\u00e9kony eszk\u00f6zt (un. sz\u0171zkacs\u00e1t) haszn\u00e1lunk, azt is \u00f3vatosan bevezetve.<\/li>\n<li>Ha nem konkr\u00e9t panasz miatt k\u00e9r valaki vizsg\u00e1latot, hanem kiz\u00e1r\u00f3lag \u0084az \u00e9ves r\u00e1ksz\u0171r\u00e9sre\u0094 jelentkezik, \u00e9rdemes k\u00f6z\u00e9pid\u0151ben menni \/k\u00e9t menstru\u00e1ci\u00f3 k\u00f6z\u00f6tt k\u00f6zel\u00edt\u0151en f\u00e9lid\u0151ben\/, mert orvosi szempontb\u00f3l akkor a legjobban \u00e9rt\u00e9kelhet\u0151 a minta. Panasz eset\u00e9n term\u00e9szetesen hasznos min\u00e9l hamarabb vizsg\u00e1latra jelentkezni.<\/li>\n<\/ul>\n<h3><span style=\"color: #3366ff;\">Az eml\u0151k vizsg\u00e1lata:<\/span><\/h3>\n<p>Fontos tudni, hogy a rutin n\u0151gy\u00f3gy\u00e1szati r\u00e1ksz\u0171r\u00e9snek az eml\u0151k vizsg\u00e1lata is r\u00e9sze. Ilyenkor az orvos \u00e1ttapintja a melleket, a h\u00f3nalj \u00e1rkokat \u00e9s a k\u00f6rny\u00e9ki nyirokcsom\u00f3kat.<\/p>\n<p><img loading=\"lazy\" class=\"aligncenter size-full wp-image-1001\" src=\"http:\/\/magnetovitalrendelo.hu\/rendelo\/wp-content\/uploads\/sites\/4\/2013\/03\/nogyogyaszati_vizsgalat-8.jpg\" alt=\"nogyogyaszati_vizsgalat-8\" width=\"500\" height=\"450\" \/><\/p>\n<p>A n\u0151gy\u00f3gy\u00e1szati vizsg\u00e1lat v\u00e9g\u00e9n az orvos vagy azonnal k\u00e9pes v\u00e9lem\u00e9nyt alkotni, vagy egy\u00e9b, kieg\u00e9sz\u00edt\u0151 vizsg\u00e1latok elv\u00e9gz\u00e9s\u00e9t javasolja. Ezek k\u00f6z\u00fcl a leggyakoribbak:<\/p>\n<ul>\n<li><strong>N\u0151gy\u00f3gy\u00e1szati ultrahang:<\/strong> \u00e1ltal\u00e1ban a hason kereszt\u00fcl vagy sz\u00fcks\u00e9g eset\u00e9n h\u00fcvelybe vezetett vizsg\u00e1l\u00f3eszk\u00f6zzel, ut\u00f3bbi a m\u00e1r eml\u00edtett \u0084kacs\u00e1\u0094hoz hasonl\u00f3 m\u00e9ret\u0171, f\u00e1jdalmat nem okoz. Az ultrahang pontos\u00edthatja a tapintott elv\u00e1ltoz\u00e1s \/pl. ciszta\/ helyzet\u00e9t, m\u00e9ret\u00e9t. \u00c9szrevehet m\u00e9hen bel\u00fcli elv\u00e1ltoz\u00e1sokat, amelyek nem tapinthat\u00f3ak a m\u00e9h k\u00fcls\u0151 felsz\u00edne fel\u0151l, stb.<\/li>\n<\/ul>\n<p><img loading=\"lazy\" class=\"aligncenter size-full wp-image-992\" src=\"http:\/\/magnetovitalrendelo.hu\/rendelo\/wp-content\/uploads\/sites\/4\/2013\/03\/nogyogyaszati_vizsgalat-5.jpg\" alt=\"nogyogyaszati_vizsgalat-5\" width=\"500\" height=\"387\" \/><\/p>\n<ul>\n<li><strong>Mammogr\u00e1fia:<\/strong> az eml\u0151k r\u00f6ntgenvizsg\u00e1lata.<\/li>\n<\/ul>\n<p><img loading=\"lazy\" class=\"aligncenter size-full wp-image-993\" src=\"http:\/\/magnetovitalrendelo.hu\/rendelo\/wp-content\/uploads\/sites\/4\/2013\/03\/nogyogyaszati_vizsgalat-6.jpg\" alt=\"nogyogyaszati_vizsgalat-6\" width=\"500\" height=\"225\" \/><\/p>\n<ul>\n<li><strong>Eml\u0151ultrahang:<\/strong> a mellek ultrahangvizsg\u00e1lata.<\/li>\n<\/ul>\n<p><img loading=\"lazy\" class=\"aligncenter size-full wp-image-994\" src=\"http:\/\/magnetovitalrendelo.hu\/rendelo\/wp-content\/uploads\/sites\/4\/2013\/03\/nogyogyaszati_vizsgalat-7.jpg\" alt=\"nogyogyaszati_vizsgalat-7\" width=\"500\" height=\"357\" \/><\/p>\n<ul>\n<li><strong>Laborvizsg\u00e1latok:<\/strong> v\u00e9r- illetve vizeletvizsg\u00e1lat \u00e1ltal\u00e1nos belgy\u00f3gy\u00e1szati jelleg\u0171 t\u00e1j\u00e9koz\u00f3d\u00e1sra, p\u00e9ld\u00e1ul gy\u00f3gyszerek \/fogamz\u00e1sg\u00e1tl\u00f3 tablett\u00e1k\/ kezd\u00e9se el\u0151tt, kiz\u00e1rand\u00f3 olyan betegs\u00e9geket, amikor az adott gy\u00f3gyszer nem adhat\u00f3.<\/li>\n<li><strong>Hormonvizsg\u00e1latok:<\/strong> c\u00e9lir\u00e1nyosan, n\u0151i nemi hormontermel\u00e9si zavarral j\u00e1r\u00f3 betegs\u00e9gek gyan\u00faja eset\u00e9n. A vizsg\u00e1lat v\u00e9rb\u0151l t\u00f6rt\u00e9nik a menstru\u00e1ci\u00f3s ciklus meghat\u00e1rozott id\u0151pontjaiban.<\/li>\n<\/ul>\n<div class=\"printfriendly pf-button \"><a href=\"http:\/\/magnetovitalrendelo.hu\/rendelo\/szolgaltatasaink-2\/altalanos-szuleszet-nogyogyaszat-onkologia\/nogyogyaszati-vizsgalat\/?pfstyle=wp\" rel=\"nofollow\"  title=\"Printer Friendly, PDF & Email\"><img src=\"http:\/\/magnetovitalrendelo.hu\/k\/pf-button-both.gif\" alt=\"Print Friendly, PDF & Email\" class=\"pf-button-img\" style=\"\"  \/><\/a><\/div>\n<p style=\"text-align: center;\"><a class=\"scss3b-button scss3b-button-googleplus\" href=\"http:\/\/magnetovitalrendelo.hu\/rendelo\/szakmai-kerdes\/\">Van szem\u00e9lyes k\u00e9rd\u00e9se? Itt f\u00f6lteheti! <\/a><\/p>\n","protected":false},"excerpt":{"rendered":"<p>A n\u0151gy\u00f3gy\u00e1szati vizsg\u00e1lat A vizsg\u00e1lat megkezd\u00e9se el\u0151tt az orvosnak sz\u00fcks\u00e9ge van a k\u00f3rel\u0151zm\u00e9ny ismeret\u00e9re egyr\u00e9szt a jelenlegi panaszokat, m\u00e1sr\u00e9szt a kor\u00e1bbi betegs\u00e9geket illet\u0151en. Ez\u00e9rt \u00e9rdemes el\u0151re felk\u00e9sz\u00fclni a v\u00e1rhat\u00f3 k\u00e9rd\u00e9sekre, hogy ezzel is seg\u00edts\u00fcnk a pontos t\u00e1j\u00e9koz\u00f3d\u00e1sban, hiszen ennek fontos szerepe van a k\u00e9s\u0151bbi kezel\u00e9s meghat\u00e1roz\u00e1s\u00e1ban. A vizsg\u00e1lat el\u0151tt az orvos biztosan megk\u00e9rdezi az utols\u00f3 [&hellip;]<\/p>\n","protected":false},"author":1,"featured_media":0,"parent":53,"menu_order":0,"comment_status":"closed","ping_status":"closed","template":"","meta":{"_mi_skip_tracking":false},"_links":{"self":[{"href":"http:\/\/magnetovitalrendelo.hu\/rendelo\/wp-json\/wp\/v2\/pages\/663"}],"collection":[{"href":"http:\/\/magnetovitalrendelo.hu\/rendelo\/wp-json\/wp\/v2\/pages"}],"about":[{"href":"http:\/\/magnetovitalrendelo.hu\/rendelo\/wp-json\/wp\/v2\/types\/page"}],"author":[{"embeddable":true,"href":"http:\/\/magnetovitalrendelo.hu\/rendelo\/wp-json\/wp\/v2\/users\/1"}],"replies":[{"embeddable":true,"href":"http:\/\/magnetovitalrendelo.hu\/rendelo\/wp-json\/wp\/v2\/comments?post=663"}],"version-history":[{"count":2,"href":"http:\/\/magnetovitalrendelo.hu\/rendelo\/wp-json\/wp\/v2\/pages\/663\/revisions"}],"predecessor-version":[{"id":1476,"href":"http:\/\/magnetovitalrendelo.hu\/rendelo\/wp-json\/wp\/v2\/pages\/663\/revisions\/1476"}],"up":[{"embeddable":true,"href":"http:\/\/magnetovitalrendelo.hu\/rendelo\/wp-json\/wp\/v2\/pages\/53"}],"wp:attachment":[{"href":"http:\/\/magnetovitalrendelo.hu\/rendelo\/wp-json\/wp\/v2\/media?parent=663"}],"curies":[{"name":"wp","href":"https:\/\/api.w.org\/{rel}","templated":true}]}}