{"id":520,"date":"2013-03-04T10:54:02","date_gmt":"2013-03-04T09:54:02","guid":{"rendered":"http:\/\/magnetovitalrendelo.hu\/rendelo\/?page_id=520"},"modified":"2015-09-02T11:15:03","modified_gmt":"2015-09-02T09:15:03","slug":"valtozaskori-problemak-kivizsgalasa-es-kezelese","status":"publish","type":"page","link":"http:\/\/magnetovitalrendelo.hu\/rendelo\/szolgaltatasaink-2\/valtozaskori-problemak-kivizsgalasa-es-kezelese\/","title":{"rendered":"V\u00e1ltoz\u00e1skori probl\u00e9m\u00e1k kivizsg\u00e1l\u00e1sa \u00e9s kezel\u00e9se"},"content":{"rendered":"<div class=\"printfriendly pf-button \"><a href=\"http:\/\/magnetovitalrendelo.hu\/rendelo\/szolgaltatasaink-2\/valtozaskori-problemak-kivizsgalasa-es-kezelese\/?pfstyle=wp\" rel=\"nofollow\"  title=\"Printer Friendly, PDF & Email\"><img src=\"http:\/\/magnetovitalrendelo.hu\/k\/pf-button-both.gif\" alt=\"Print Friendly, PDF & Email\" class=\"pf-button-img\" style=\"\"  \/><\/a><\/div>\n<h3><span style=\"color: #3366ff;\"><img loading=\"lazy\" class=\"size-full wp-image-1075 alignright\" src=\"http:\/\/magnetovitalrendelo.hu\/rendelo\/wp-content\/uploads\/sites\/4\/2013\/03\/drhamvasferenc_gyogyito_jel.jpg\" alt=\"drhamvasferenc_gyogyito_jel\" width=\"128\" height=\"200\" srcset=\"http:\/\/magnetovitalrendelo.hu\/rendelo\/wp-content\/uploads\/sites\/4\/2013\/03\/drhamvasferenc_gyogyito_jel.jpg 300w, http:\/\/magnetovitalrendelo.hu\/rendelo\/wp-content\/uploads\/sites\/4\/2013\/03\/drhamvasferenc_gyogyito_jel-191x300.jpg 191w\" sizes=\"(max-width: 128px) 100vw, 128px\" \/>A v\u00e1ltoz\u00f3 kor (klimax, menopauza)<\/span><\/h3>\n<p>Minden n\u0151 \u00e9let\u00e9ben bek\u00f6vetkezik a hormon\u00e1lis ciklusoss\u00e1g megsz\u0171n\u00e9se. Ez a havi v\u00e9rz\u00e9s elmarad\u00e1s\u00e1val, az \u00fagynevezett <strong>menopauz\u00e1val<\/strong> j\u00e1r. Magyarorsz\u00e1gon ez jelenleg \u00e1tlagban <strong>45-52<\/strong> \u00e9ves kor k\u00f6z\u00f6tt v\u00e1rhat\u00f3. A klimax \u00f6nmag\u00e1ban nem betegs\u00e9g, a vele j\u00e1r\u00f3, esetenk\u00e9nt nehezen elviselhet\u0151 panaszok azonban betegs\u00e9g\u00e9rzetet keltenek, rossz k\u00f6z\u00e9rzetet okoznak, lerontj\u00e1k a szellemi, fizikai teljes\u00edt\u0151k\u00e9pess\u00e9get. Sok n\u0151 sajnos a n\u0151iess\u00e9g\u00e9nek a megsz\u0171n\u00e9s\u00e9vel azonos\u00edtja ezt a kort, \u00e9s pszich\u00e9sen meglehet\u0151sen sok \u00e9s soksz\u00edn\u0171 probl\u00e9m\u00e1t gener\u00e1lnak.<\/p>\n<h3><span style=\"color: #3366ff;\"><img loading=\"lazy\" class=\"size-full wp-image-521 alignleft\" src=\"http:\/\/magnetovitalrendelo.hu\/rendelo\/wp-content\/uploads\/sites\/4\/2013\/03\/valtozaskori_problemak-1.jpg\" alt=\"valtozaskori_problemak-1\" width=\"353\" height=\"250\" \/><\/span><\/h3>\n<p><span style=\"color: #993300;\"><strong>Milyen t\u00fcnetek jellemzik a v\u00e1ltoz\u00f3 kort?<\/strong><\/span><\/p>\n<ul>\n<li>Rendszertelenn\u00e9 v\u00e1l\u00f3 v\u00e9rz\u00e9s, vagy a v\u00e9rz\u00e9s teljes elmarad\u00e1sa.<\/li>\n<li>H\u0151hull\u00e1mok<\/li>\n<li>\u00c9jszakai izzad\u00e1s, rossz alv\u00e1s<\/li>\n<li>H\u00fcvelysz\u00e1razs\u00e1g<\/li>\n<li>Libid\u00f3cs\u00f6kken\u00e9s<\/li>\n<li>Sz\u00e9kreked\u00e9s<\/li>\n<li>Vizelet inkontinencia<\/li>\n<li>Csontf\u00e1jdalmak<\/li>\n<\/ul>\n<p><img loading=\"lazy\" class=\"size-full wp-image-522 alignright\" src=\"http:\/\/magnetovitalrendelo.hu\/rendelo\/wp-content\/uploads\/sites\/4\/2013\/03\/valtozaskori_problemak-2.jpg\" alt=\"valtozaskori_problemak-2\" width=\"216\" height=\"200\" \/><\/p>\n<p>Az<span style=\"color: #993300;\"><strong> osteoporosis<\/strong><\/span> (csontritkul\u00e1s) a n\u0151k \u00e9let\u00e9ben utols\u00f3k\u00e9nt jelentkez\u0151 menstru\u00e1ci\u00f3t k\u00f6vet\u0151 id\u0151szakban, k\u00fcl\u00f6n\u00f6sen az id\u0151sebb korban a n\u0151k kb. harmad\u00e1t &#8211; \u00f6t\u00f6d\u00e9t h\u00e1t-, gerinc-, v\u00e9gtagf\u00e1jdalmakkal, gerincg\u00f6rb\u00fcl\u00e9ssel, testmagass\u00e1g cs\u00f6kken\u00e9s\u00e9vel, id\u0151skori v\u00e9gtagt\u00f6r\u00e9sekkel, csigolya \u00f6sszeroppan\u00e1ssal, valamint combnyakt\u00f6r\u00e9ssel vesz\u00e9lyezteti.<\/p>\n<p>Sajnos igen gyakori a thromboemb\u00f3li\u00e1s megbeteged\u00e9sek megjelen\u00e9se is a v\u00e1ltoz\u00e1s kor\u00e1ban, melyek ugyancsak az \u00e9letet jelent\u0151sen vesz\u00e9lyeztet\u0151 \u00e9s az \u00e9letmin\u0151s\u00e9get ak\u00e1r jelent\u0151sen is ront\u00f3 t\u00e9nyez\u0151k.<\/p>\n<p>Mindegyik t\u00fcnetegy\u00fcttes, illetve betegs\u00e9g megel\u0151zhet\u0151, \u00e9s kezelhet\u0151. Ma m\u00e1r a gy\u00f3gyszerek, \u00e9s egy\u00e9b nem hormontartalm\u00fa kezel\u00e9si lehet\u0151s\u00e9gek sz\u00e9les v\u00e1laszt\u00e9k\u00e1val rendelkez\u00fcnk. A term\u00e9szetes hormontartalm\u00fa gy\u00f3gyszerek &#8211; tart\u00f3s alkalmaz\u00e1sa eset\u00e9n &#8211; a v\u00e1ltoz\u00f3 kor eredm\u00e9nyes kezel\u00e9s\u00e9n \u00e9s a csontritkul\u00e1s megel\u0151z\u00e9s\u00e9n t\u00falmen\u0151en fel\u00e9re, \u00f6t\u00f6d\u00e9re cs\u00f6kkentik az id\u0151skori sz\u00edv &#8211; \u00e9s agyi \u00e9rrendszeri betegs\u00e9gek, az infarktus kock\u00e1zat\u00e1t, valamint kedvez\u0151en befoly\u00e1solj\u00e1k a v\u00e1ltoz\u00f3 korra jellemz\u0151 hangulatv\u00e1ltoz\u00e1sokat is.<\/p>\n<p><img loading=\"lazy\" class=\"aligncenter size-full wp-image-525\" src=\"http:\/\/magnetovitalrendelo.hu\/rendelo\/wp-content\/uploads\/sites\/4\/2013\/03\/valtozaskori_problemak-3.jpg\" alt=\"valtozaskori_problemak-3\" width=\"600\" height=\"581\" \/><\/p>\n<p><strong>A csontritkul\u00e1s megel\u0151z\u00e9s\u00e9nek \u00e9s kezel\u00e9s\u00e9nek l\u00e9nyege: \u00e9veken \u00e1t az \u00f6sztrog\u00e9n (\u00e9s a v\u00e9d\u0151hat\u00e1s\u00fa gesztog\u00e9n) hormonkezel\u00e9s, naponta kalcium-p\u00f3tl\u00e1s, valamint c\u00e9lszer\u0171 \u00e9letm\u00f3d v\u00e1ltoztat\u00e1s, bele\u00e9rtve a fizikai aktivit\u00e1s fokoz\u00e1s\u00e1t, a doh\u00e1nyz\u00e1s elhagy\u00e1s\u00e1t, a t\u00falzott k\u00e1v\u00e9fogyaszt\u00e1s m\u00e9rs\u00e9kl\u00e9s\u00e9t. A hormonp\u00f3tl\u00e1st m\u00e1r haz\u00e1nkban is sz\u00e9les k\u00f6rben alkalmazz\u00e1k. A kezel\u00e9s csakis speci\u00e1lis orvosi ellen\u0151rz\u00e9s mellett t\u00f6rt\u00e9nhet. A gond itt is az, hogy \u00e1ltal\u00e1ban csak a t\u00fcneteket pr\u00f3b\u00e1lj\u00e1k meg kezelni, a probl\u00e9ma h\u00e1tter\u00e9ben megh\u00faz\u00f3d\u00f3 f\u00e9lelmeket, szorong\u00e1sokat, amik a t\u00fcnetek gy\u00f6ker\u00e9t k\u00e9pezik, meg sem pr\u00f3b\u00e1lj\u00e1k elimin\u00e1lni, \u00e9s \u00edgy az egy\u00e9ni d\u00e9monok \u00fajra \u00e9s \u00fajra k\u00e9pesek gener\u00e1lni a bajokat.<\/strong><\/p>\n<p>Rendel\u0151nkben igen nagy hangs\u00falyt fektet\u00fcnk a kombin\u00e1lt kezel\u00e9sre, \u00e9s igyeksz\u00fcnk a legkevesebb mell\u00e9khat\u00e1st kiv\u00e1lt\u00f3 k\u00e9sz\u00edtm\u00e9nyeket alkalmazni a megel\u0151z\u00e9sre \u00e9s a gy\u00f3gy\u00edt\u00e1sra egyar\u00e1nt.<\/p>\n<div class=\"printfriendly pf-button \"><a href=\"http:\/\/magnetovitalrendelo.hu\/rendelo\/szolgaltatasaink-2\/valtozaskori-problemak-kivizsgalasa-es-kezelese\/?pfstyle=wp\" rel=\"nofollow\"  title=\"Printer Friendly, PDF & Email\"><img src=\"http:\/\/magnetovitalrendelo.hu\/k\/pf-button-both.gif\" alt=\"Print Friendly, PDF & Email\" class=\"pf-button-img\" style=\"\"  \/><\/a><\/div>\n<p style=\"text-align: center;\"><a class=\"scss3b-button scss3b-button-googleplus\" href=\"http:\/\/magnetovitalrendelo.hu\/rendelo\/szakmai-kerdes\/\">Van szem\u00e9lyes k\u00e9rd\u00e9se? Itt f\u00f6lteheti! <\/a><\/p>\n","protected":false},"excerpt":{"rendered":"<p>A v\u00e1ltoz\u00f3 kor (klimax, menopauza) Minden n\u0151 \u00e9let\u00e9ben bek\u00f6vetkezik a hormon\u00e1lis ciklusoss\u00e1g megsz\u0171n\u00e9se. Ez a havi v\u00e9rz\u00e9s elmarad\u00e1s\u00e1val, az \u00fagynevezett menopauz\u00e1val j\u00e1r. Magyarorsz\u00e1gon ez jelenleg \u00e1tlagban 45-52 \u00e9ves kor k\u00f6z\u00f6tt v\u00e1rhat\u00f3. A klimax \u00f6nmag\u00e1ban nem betegs\u00e9g, a vele j\u00e1r\u00f3, esetenk\u00e9nt nehezen elviselhet\u0151 panaszok azonban betegs\u00e9g\u00e9rzetet keltenek, rossz k\u00f6z\u00e9rzetet okoznak, lerontj\u00e1k a szellemi, fizikai teljes\u00edt\u0151k\u00e9pess\u00e9get. Sok [&hellip;]<\/p>\n","protected":false},"author":1,"featured_media":0,"parent":14,"menu_order":0,"comment_status":"closed","ping_status":"closed","template":"","meta":{"_mi_skip_tracking":false},"_links":{"self":[{"href":"http:\/\/magnetovitalrendelo.hu\/rendelo\/wp-json\/wp\/v2\/pages\/520"}],"collection":[{"href":"http:\/\/magnetovitalrendelo.hu\/rendelo\/wp-json\/wp\/v2\/pages"}],"about":[{"href":"http:\/\/magnetovitalrendelo.hu\/rendelo\/wp-json\/wp\/v2\/types\/page"}],"author":[{"embeddable":true,"href":"http:\/\/magnetovitalrendelo.hu\/rendelo\/wp-json\/wp\/v2\/users\/1"}],"replies":[{"embeddable":true,"href":"http:\/\/magnetovitalrendelo.hu\/rendelo\/wp-json\/wp\/v2\/comments?post=520"}],"version-history":[{"count":2,"href":"http:\/\/magnetovitalrendelo.hu\/rendelo\/wp-json\/wp\/v2\/pages\/520\/revisions"}],"predecessor-version":[{"id":1496,"href":"http:\/\/magnetovitalrendelo.hu\/rendelo\/wp-json\/wp\/v2\/pages\/520\/revisions\/1496"}],"up":[{"embeddable":true,"href":"http:\/\/magnetovitalrendelo.hu\/rendelo\/wp-json\/wp\/v2\/pages\/14"}],"wp:attachment":[{"href":"http:\/\/magnetovitalrendelo.hu\/rendelo\/wp-json\/wp\/v2\/media?parent=520"}],"curies":[{"name":"wp","href":"https:\/\/api.w.org\/{rel}","templated":true}]}}

Változáskori problémák kivizsgálása és kezelése

<div class="printfriendly pf-button "><a href="http://magnetovitalrendelo.hu/rendelo/szolgaltatasaink-2/valtozaskori-problemak-kivizsgalasa-es-kezelese/?pfstyle=wp" rel="nofollow"  title="Printer Friendly, PDF & Email"><img src="http://magnetovitalrendelo.hu/k/pf-button-both.gif" alt="Print Friendly, PDF & Email" class="pf-button-img" style=""  /></a></div>
<h3><span style="color: #3366ff;"><img loading="lazy" class="size-full wp-image-1075 alignright" src="http://magnetovitalrendelo.hu/rendelo/wp-content/uploads/sites/4/2013/03/drhamvasferenc_gyogyito_jel.jpg" alt="drhamvasferenc_gyogyito_jel" width="128" height="200" srcset="http://magnetovitalrendelo.hu/rendelo/wp-content/uploads/sites/4/2013/03/drhamvasferenc_gyogyito_jel.jpg 300w, http://magnetovitalrendelo.hu/rendelo/wp-content/uploads/sites/4/2013/03/drhamvasferenc_gyogyito_jel-191x300.jpg 191w" sizes="(max-width: 128px) 100vw, 128px" />A változó kor (klimax, menopauza)</span></h3>
<p>Minden nő életében bekövetkezik a hormonális ciklusosság megszűnése. Ez a havi vérzés elmaradásával, az úgynevezett <strong>menopauzával</strong> jár. Magyarországon ez jelenleg átlagban <strong>45-52</strong> éves kor között várható. A klimax önmagában nem betegség, a vele járó, esetenként nehezen elviselhető panaszok azonban betegségérzetet keltenek, rossz közérzetet okoznak, lerontják a szellemi, fizikai teljesítőképességet. Sok nő sajnos a nőiességének a megszűnésével azonosítja ezt a kort, és pszichésen meglehetősen sok és sokszínű problémát generálnak.</p>
<h3><span style="color: #3366ff;"><img loading="lazy" class="size-full wp-image-521 alignleft" src="http://magnetovitalrendelo.hu/rendelo/wp-content/uploads/sites/4/2013/03/valtozaskori_problemak-1.jpg" alt="valtozaskori_problemak-1" width="353" height="250" /></span></h3>
<p><span style="color: #993300;"><strong>Milyen tünetek jellemzik a változó kort?</strong></span></p>
<ul>
<li>Rendszertelenné váló vérzés, vagy a vérzés teljes elmaradása.</li>
<li>Hőhullámok</li>
<li>Éjszakai izzadás, rossz alvás</li>
<li>Hüvelyszárazság</li>
<li>Libidócsökkenés</li>
<li>Székrekedés</li>
<li>Vizelet inkontinencia</li>
<li>Csontfájdalmak</li>
</ul>
<p><img loading="lazy" class="size-full wp-image-522 alignright" src="http://magnetovitalrendelo.hu/rendelo/wp-content/uploads/sites/4/2013/03/valtozaskori_problemak-2.jpg" alt="valtozaskori_problemak-2" width="216" height="200" /></p>
<p>Az<span style="color: #993300;"><strong> osteoporosis</strong></span> (csontritkulás) a nők életében utolsóként jelentkező menstruációt követő időszakban, különösen az idősebb korban a nők kb. harmadát &#8211; ötödét hát-, gerinc-, végtagfájdalmakkal, gerincgörbüléssel, testmagasság csökkenésével, időskori végtagtörésekkel, csigolya összeroppanással, valamint combnyaktöréssel veszélyezteti.</p>
<p>Sajnos igen gyakori a thromboembóliás megbetegedések megjelenése is a változás korában, melyek ugyancsak az életet jelentősen veszélyeztető és az életminőséget akár jelentősen is rontó tényezők.</p>
<p>Mindegyik tünetegyüttes, illetve betegség megelőzhető, és kezelhető. Ma már a gyógyszerek, és egyéb nem hormontartalmú kezelési lehetőségek széles választékával rendelkezünk. A természetes hormontartalmú gyógyszerek &#8211; tartós alkalmazása esetén &#8211; a változó kor eredményes kezelésén és a csontritkulás megelőzésén túlmenően felére, ötödére csökkentik az időskori szív &#8211; és agyi érrendszeri betegségek, az infarktus kockázatát, valamint kedvezően befolyásolják a változó korra jellemző hangulatváltozásokat is.</p>
<p><img loading="lazy" class="aligncenter size-full wp-image-525" src="http://magnetovitalrendelo.hu/rendelo/wp-content/uploads/sites/4/2013/03/valtozaskori_problemak-3.jpg" alt="valtozaskori_problemak-3" width="600" height="581" /></p>
<p><strong>A csontritkulás megelőzésének és kezelésének lényege: éveken át az ösztrogén (és a védőhatású gesztogén) hormonkezelés, naponta kalcium-pótlás, valamint célszerű életmód változtatás, beleértve a fizikai aktivitás fokozását, a dohányzás elhagyását, a túlzott kávéfogyasztás mérséklését. A hormonpótlást már hazánkban is széles körben alkalmazzák. A kezelés csakis speciális orvosi ellenőrzés mellett történhet. A gond itt is az, hogy általában csak a tüneteket próbálják meg kezelni, a probléma hátterében meghúzódó félelmeket, szorongásokat, amik a tünetek gyökerét képezik, meg sem próbálják eliminálni, és így az egyéni démonok újra és újra képesek generálni a bajokat.</strong></p>
<p>Rendelőnkben igen nagy hangsúlyt fektetünk a kombinált kezelésre, és igyekszünk a legkevesebb mellékhatást kiváltó készítményeket alkalmazni a megelőzésre és a gyógyításra egyaránt.</p>
<div class="printfriendly pf-button "><a href="http://magnetovitalrendelo.hu/rendelo/szolgaltatasaink-2/valtozaskori-problemak-kivizsgalasa-es-kezelese/?pfstyle=wp" rel="nofollow"  title="Printer Friendly, PDF & Email"><img src="http://magnetovitalrendelo.hu/k/pf-button-both.gif" alt="Print Friendly, PDF & Email" class="pf-button-img" style=""  /></a></div>
<p style="text-align: center;"><a class="scss3b-button scss3b-button-googleplus" href="http://magnetovitalrendelo.hu/rendelo/szakmai-kerdes/">Van személyes kérdése? Itt fölteheti! </a></p>

<p>A változó kor (klimax, menopauza) Minden nő életében bekövetkezik a hormonális ciklusosság megszűnése. Ez a havi vérzés elmaradásával, az úgynevezett menopauzával jár. Magyarországon ez jelenleg átlagban 45-52 éves kor között várható. A klimax önmagában nem betegség, a vele járó, esetenként nehezen elviselhető panaszok azonban betegségérzetet keltenek, rossz közérzetet okoznak, lerontják a szellemi, fizikai teljesítőképességet. Sok [&hellip;]</p>
