{"id":379,"date":"2013-02-24T13:13:10","date_gmt":"2013-02-24T12:13:10","guid":{"rendered":"http:\/\/magnetovitalrendelo.hu\/rendelo\/?page_id=379"},"modified":"2015-07-29T09:27:51","modified_gmt":"2015-07-29T07:27:51","slug":"cardioscan-meres","status":"publish","type":"page","link":"http:\/\/magnetovitalrendelo.hu\/rendelo\/szolgaltatasaink-2\/cardioscan-meres\/","title":{"rendered":"CardioScan-m\u00e9r\u00e9s"},"content":{"rendered":"<div class=\"printfriendly pf-button \"><a href=\"http:\/\/magnetovitalrendelo.hu\/rendelo\/szolgaltatasaink-2\/cardioscan-meres\/?pfstyle=wp\" rel=\"nofollow\"  title=\"Printer Friendly, PDF & Email\"><img src=\"http:\/\/magnetovitalrendelo.hu\/k\/pf-button-both.gif\" alt=\"Print Friendly, PDF & Email\" class=\"pf-button-img\" style=\"\"  \/><\/a><\/div>\n<h3><img loading=\"lazy\" class=\"alignright size-full wp-image-551\" src=\"http:\/\/magnetovitalrendelo.hu\/rendelo\/wp-content\/uploads\/sites\/4\/2013\/02\/cardioscan-meres-5.jpg\" alt=\"cardioscan-meres-5\" width=\"202\" height=\"144\" \/>Sz\u00edv- \u00e9s szervezeti \u00e1llapot-meghat\u00e1roz\u00e1s.<\/h3>\n<p>A N\u00e9met hadsereg \u00e1ltal &#8211; katasztr\u00f3fa- \u00e9s bevet\u00e9si helyzetekre &#8211; kifejlesztett <strong><span style=\"color: #3366ff;\">CardioScan gyors-sz\u00edvanaliz\u00e1tor<\/span><\/strong> seg\u00edts\u00e9g\u00e9vel r\u00f6vid id\u0151n bel\u00fcl, kb. <strong>5 perc\/f\u0151<\/strong> alatt nagy pontoss\u00e1ggal \u00e9rt\u00e9kel\u00e9st tudunk adni a vizsg\u00e1lt szem\u00e9ly aktu\u00e1lis sz\u00edv\u00e1llapot\u00e1r\u00f3l. A k\u00e9sz\u00fcl\u00e9k az EKG-jelek \u00f6sszehasonl\u00edt\u00f3 \u00e9rt\u00e9kel\u00e9s\u00e9vel k\u00e9t f\u0151 adatot szolg\u00e1ltat a sz\u00edv funkcion\u00e1lis m\u0171k\u00f6d\u00e9s\u00e9r\u0151l:<\/p>\n<ul>\n<li><strong><span style=\"color: #3366ff;\">\u00e1ltal\u00e1nos sz\u00edv\u00e1llapot egy 0-5-\u00f6s sk\u00e1l\u00e1n.<\/span><\/strong><\/li>\n<li><strong><span style=\"color: #3366ff;\">stesszterhelts\u00e9gi mutat\u00f3 egy 0-100%-os sk\u00e1l\u00e1n.<\/span><\/strong><\/li>\n<\/ul>\n<p><img loading=\"lazy\" class=\"alignleft size-full wp-image-1075\" src=\"http:\/\/magnetovitalrendelo.hu\/rendelo\/wp-content\/uploads\/sites\/4\/2013\/03\/drhamvasferenc_gyogyito_jel.jpg\" alt=\"drhamvasferenc_gyogyito_jel\" width=\"160\" height=\"250\" srcset=\"http:\/\/magnetovitalrendelo.hu\/rendelo\/wp-content\/uploads\/sites\/4\/2013\/03\/drhamvasferenc_gyogyito_jel.jpg 300w, http:\/\/magnetovitalrendelo.hu\/rendelo\/wp-content\/uploads\/sites\/4\/2013\/03\/drhamvasferenc_gyogyito_jel-191x300.jpg 191w\" sizes=\"(max-width: 160px) 100vw, 160px\" \/>A <strong>stressz-\u00e9rt\u00e9ket<\/strong> minden olyan k\u00fcls\u0151 \u00e9s bels\u0151 zavar\u00f3 hat\u00e1s befoly\u00e1solja, ami zavarja a sz\u00edv m\u0171k\u00f6d\u00e9s\u00e9t. Ilyen lehets\u00e9ges okok: az elektromos k\u00e9sz\u00fcl\u00e9kek vagy az elektroszmog \u00e1ltal\u00e1nos hat\u00e1sa, a mozg\u00e1shi\u00e1ny, a t\u00e1pl\u00e1lkoz\u00e1si hi\u00e1nyoss\u00e1gok, bizonyos gy\u00f3gyszerek vagy drogok hat\u00e1sa, a fizikai- vagy az idegi t\u00falterhelts\u00e9g, stb. A vizsg\u00e1lat pontosan megmutatja, hogy milyen a vizsg\u00e1lt szem\u00e9ly stresszt\u0171r\u0151 k\u00e9pess\u00e9ge \u00e9s hogy m\u00e9g milyen tartal\u00e9kokkal rendelkezik.<\/p>\n<p>A k\u00e9sz\u00fcl\u00e9k kiemelked\u0151 jelent\u0151s\u00e9ge az &#8211; amelyet felismerve azt manaps\u00e1g N\u00e9metor-sz\u00e1gban \u00e1llami szint\u0171 sz\u0171r\u0151program keret\u00e9ben haszn\u00e1lj\u00e1k &#8211; hogy a k\u00f3ros sz\u00edv- \u00e9s t\u00e1gabb \u00e9rtelmez\u00e9sben az \u00e1ltal\u00e1nos szervezeti elt\u00e9r\u00e9seket <strong><span style=\"color: #ff0000;\">m\u00e1r olyan id\u0151szakban jelzi, amikor a vizsg\u00e1lt szem\u00e9ly m\u00e9g teljesen panasz- \u00e9s t\u00fcnetmentes \u00e1llapotban van<\/span><\/strong> \u00e9s a probl\u00e9m\u00e1k m\u00e9g munkaid\u0151-kies\u00e9s n\u00e9lk\u00fcl megoldhat\u00f3ak.<\/p>\n<p>&nbsp;<\/p>\n<p>&nbsp;<\/p>\n<h3><span style=\"color: #3366ff;\">Melyek e m\u00e9r\u00e9s el\u0151nyei?<\/span><\/h3>\n<p style=\"text-align: center;\"><img loading=\"lazy\" class=\"size-full wp-image-552 alignright\" src=\"http:\/\/magnetovitalrendelo.hu\/rendelo\/wp-content\/uploads\/sites\/4\/2013\/02\/cardioscan-meres-6.jpg\" alt=\"cardioscan-meres-6\" width=\"271\" height=\"190\" \/> <img loading=\"lazy\" class=\"size-full wp-image-553 alignright\" src=\"http:\/\/magnetovitalrendelo.hu\/rendelo\/wp-content\/uploads\/sites\/4\/2013\/02\/cardioscan-meres-7.jpg\" alt=\"cardioscan-meres-7\" width=\"275\" height=\"190\" \/><\/p>\n<p>Ha a m\u00e9r\u00e9s <strong><span style=\"color: #00ff00;\">4,5<\/span> feletti<\/strong> sz\u00edv\u00e9rt\u00e9ket, \u00e9s <strong><span style=\"color: #00ff00;\">20%<\/span> alatti<\/strong> stressz \u00e9rt\u00e9ket eredm\u00e9nyez, akkor munkat\u00e1rsa megnyugszik, hogy szervezet\u00e9vel minden rendben van.<\/p>\n<p><span style=\"color: #993366;\"><strong>3,5 \u2013 4,4<\/strong><\/span> k\u00f6z\u00f6tti sz\u00edv\u00e9rt\u00e9kn\u00e9l \u00e9s <span style=\"color: #993366;\"><strong>35 \u2013 50 %<\/strong><\/span> k\u00f6z\u00f6tti stressz\u00e9rt\u00e9kn\u00e9l felh\u00edvjuk munkat\u00e1rsa figyelm\u00e9t, hogy a bels\u0151 tartal\u00e9kai lassan kimer\u00fclnek, aminek a k\u00f6vetkezm\u00e9nye betegs\u00e9g lehet.<\/p>\n<p><strong><span style=\"color: #99ccff;\">2,5 \u2013 3,4<\/span><\/strong> k\u00f6z\u00f6tti sz\u00edv\u00e9rt\u00e9kn\u00e9l stressz \u00e1llapott\u00f3l f\u00fcggetlen\u00fcl javasoljuk, hogy tervezzen be egy \u00e1ltal\u00e1nos orvosi kivizsg\u00e1l\u00e1st.<\/p>\n<p><strong><span style=\"color: #cc99ff;\">0 \u2013 2,4<\/span><\/strong> k\u00f6z\u00f6tti sz\u00edv\u00e9rt\u00e9kn\u00e9l azonnali orvosi beavatkoz\u00e1s sz\u00fcks\u00e9gess\u00e9g\u00e9t javasoljuk.<\/p>\n<p>A <strong><span style=\"color: #3366ff;\">CardioScan<\/span><\/strong> nem m\u00e1s, mint egy speci\u00e1lis EKG-\u00e9rt\u00e9kel\u0151 sz\u00e1m\u00edt\u00f3g\u00e9pes rendszer, melynek seg\u00edts\u00e9g\u00e9vel j\u00f3 megk\u00f6zel\u00edt\u00e9ssel lehet k\u00f6vetkeztetni a sz\u00f6vetek \u00e1ltal\u00e1nos \u00e1llapot\u00e1ra, \u00e9s mivel <strong>a sz\u00edv az agy mellett a stresszterhel\u00e9sre leg\u00e9rz\u00e9kenyebben \u00e9s leg-hamar\u00e1bb reag\u00e1l\u00f3 szerv\u00fcnk<\/strong>, ez\u00e9rt a szervezet\u00fcnk stressz-terhelhet\u0151s\u00e9g\u00e9re is. A k\u00e9sz\u00fcl\u00e9k egy \u00f6tfokozat\u00fa sk\u00e1l\u00e1n a sz\u00f6vetek \u00e1ltal\u00e1nos \u00e1llapot\u00e1t jellemzi \u00e9s sz\u00e1zal\u00e9kban adja meg a stressz\u00e1llapotot, mely <strong>10%-ig<\/strong> j\u00f3, <strong>35%-ig<\/strong> m\u00e9g nincs k\u00f6zvetlen megbeteg\u00edt\u0151 vesz\u00e9ly.<\/p>\n<p style=\"text-align: center;\"><strong>CardioScan-vizsg\u00e1lat eredm\u00e9nye<\/strong><\/p>\n<p><img loading=\"lazy\" class=\"size-full wp-image-408 aligncenter\" src=\"http:\/\/magnetovitalrendelo.hu\/rendelo\/wp-content\/uploads\/sites\/4\/2013\/02\/cardioscan-meres-1.jpg\" alt=\"cardioscan-meres-1\" width=\"440\" height=\"618\" srcset=\"http:\/\/magnetovitalrendelo.hu\/rendelo\/wp-content\/uploads\/sites\/4\/2013\/02\/cardioscan-meres-1.jpg 400w, http:\/\/magnetovitalrendelo.hu\/rendelo\/wp-content\/uploads\/sites\/4\/2013\/02\/cardioscan-meres-1-213x300.jpg 213w\" sizes=\"(max-width: 440px) 100vw, 440px\" \/> <img loading=\"lazy\" class=\"size-full wp-image-409 aligncenter\" src=\"http:\/\/magnetovitalrendelo.hu\/rendelo\/wp-content\/uploads\/sites\/4\/2013\/02\/cardioscan-meres-2.jpg\" alt=\"cardioscan-meres-2\" width=\"440\" height=\"617\" srcset=\"http:\/\/magnetovitalrendelo.hu\/rendelo\/wp-content\/uploads\/sites\/4\/2013\/02\/cardioscan-meres-2.jpg 400w, http:\/\/magnetovitalrendelo.hu\/rendelo\/wp-content\/uploads\/sites\/4\/2013\/02\/cardioscan-meres-2-213x300.jpg 213w\" sizes=\"(max-width: 440px) 100vw, 440px\" \/><\/p>\n<p>Kompenz\u00e1lt acidotikus \u00e1llapotunkban m\u00e1r felbor\u00edtja a virtu\u00e1lis egyens\u00falyt, azaz eny-nyivel k\u00f6zelebb visz a betegs\u00e9gekhez.<\/p>\n<p style=\"text-align: center;\"><strong>Egy cigaretta hat\u00e1sa<\/strong><\/p>\n<p><img loading=\"lazy\" class=\" size-full wp-image-414 aligncenter\" src=\"http:\/\/magnetovitalrendelo.hu\/rendelo\/wp-content\/uploads\/sites\/4\/2013\/02\/cardioscan-meres-3.jpg\" alt=\"cardioscan-meres-3\" width=\"420\" height=\"590\" srcset=\"http:\/\/magnetovitalrendelo.hu\/rendelo\/wp-content\/uploads\/sites\/4\/2013\/02\/cardioscan-meres-3.jpg 400w, http:\/\/magnetovitalrendelo.hu\/rendelo\/wp-content\/uploads\/sites\/4\/2013\/02\/cardioscan-meres-3-213x300.jpg 213w\" sizes=\"(max-width: 420px) 100vw, 420px\" \/> <img loading=\"lazy\" class=\"size-full wp-image-415 aligncenter\" src=\"http:\/\/magnetovitalrendelo.hu\/rendelo\/wp-content\/uploads\/sites\/4\/2013\/02\/cardioscan-meres-4.jpg\" alt=\"cardioscan-meres-4\" width=\"420\" height=\"590\" srcset=\"http:\/\/magnetovitalrendelo.hu\/rendelo\/wp-content\/uploads\/sites\/4\/2013\/02\/cardioscan-meres-4.jpg 400w, http:\/\/magnetovitalrendelo.hu\/rendelo\/wp-content\/uploads\/sites\/4\/2013\/02\/cardioscan-meres-4-213x300.jpg 213w\" sizes=\"(max-width: 420px) 100vw, 420px\" \/><\/p>\n<p>A vizsg\u00e1latnak az\u00e9rt van nagy jelent\u0151s\u00e9ge mindenkin\u00e9l, mert az ilyen \u00e1llapotok felder\u00edt\u00e9se igencsak fontos a hirtelen egyens\u00falyboml\u00e1sok megel\u0151z\u00e9s\u00e9ben. A m\u00f3dszer gyors, olcs\u00f3 \u00e9s igen hat\u00e9kony.<\/p>\n<p><strong><span style=\"color: #3366ff;\">Pr\u00f3b\u00e1lja ki, jelentkezzen be vizsg\u00e1latra, ismerje meg Mag\u00e1t ilyen szempontb\u00f3l is, hogy seg\u00edthess\u00fcnk \u00d6nnek is!<\/span><\/strong><\/p>\n<div class=\"printfriendly pf-button \"><a href=\"http:\/\/magnetovitalrendelo.hu\/rendelo\/szolgaltatasaink-2\/cardioscan-meres\/?pfstyle=wp\" rel=\"nofollow\"  title=\"Printer Friendly, PDF & Email\"><img src=\"http:\/\/magnetovitalrendelo.hu\/k\/pf-button-both.gif\" alt=\"Print Friendly, PDF & Email\" class=\"pf-button-img\" style=\"\"  \/><\/a><\/div>\n","protected":false},"excerpt":{"rendered":"<p>Sz\u00edv- \u00e9s szervezeti \u00e1llapot-meghat\u00e1roz\u00e1s. A N\u00e9met hadsereg \u00e1ltal &#8211; katasztr\u00f3fa- \u00e9s bevet\u00e9si helyzetekre &#8211; kifejlesztett CardioScan gyors-sz\u00edvanaliz\u00e1tor seg\u00edts\u00e9g\u00e9vel r\u00f6vid id\u0151n bel\u00fcl, kb. 5 perc\/f\u0151 alatt nagy pontoss\u00e1ggal \u00e9rt\u00e9kel\u00e9st tudunk adni a vizsg\u00e1lt szem\u00e9ly aktu\u00e1lis sz\u00edv\u00e1llapot\u00e1r\u00f3l. A k\u00e9sz\u00fcl\u00e9k az EKG-jelek \u00f6sszehasonl\u00edt\u00f3 \u00e9rt\u00e9kel\u00e9s\u00e9vel k\u00e9t f\u0151 adatot szolg\u00e1ltat a sz\u00edv funkcion\u00e1lis m\u0171k\u00f6d\u00e9s\u00e9r\u0151l: \u00e1ltal\u00e1nos sz\u00edv\u00e1llapot egy 0-5-\u00f6s sk\u00e1l\u00e1n. stesszterhelts\u00e9gi [&hellip;]<\/p>\n","protected":false},"author":1,"featured_media":0,"parent":14,"menu_order":0,"comment_status":"closed","ping_status":"closed","template":"","meta":{"_mi_skip_tracking":false},"_links":{"self":[{"href":"http:\/\/magnetovitalrendelo.hu\/rendelo\/wp-json\/wp\/v2\/pages\/379"}],"collection":[{"href":"http:\/\/magnetovitalrendelo.hu\/rendelo\/wp-json\/wp\/v2\/pages"}],"about":[{"href":"http:\/\/magnetovitalrendelo.hu\/rendelo\/wp-json\/wp\/v2\/types\/page"}],"author":[{"embeddable":true,"href":"http:\/\/magnetovitalrendelo.hu\/rendelo\/wp-json\/wp\/v2\/users\/1"}],"replies":[{"embeddable":true,"href":"http:\/\/magnetovitalrendelo.hu\/rendelo\/wp-json\/wp\/v2\/comments?post=379"}],"version-history":[{"count":2,"href":"http:\/\/magnetovitalrendelo.hu\/rendelo\/wp-json\/wp\/v2\/pages\/379\/revisions"}],"predecessor-version":[{"id":1442,"href":"http:\/\/magnetovitalrendelo.hu\/rendelo\/wp-json\/wp\/v2\/pages\/379\/revisions\/1442"}],"up":[{"embeddable":true,"href":"http:\/\/magnetovitalrendelo.hu\/rendelo\/wp-json\/wp\/v2\/pages\/14"}],"wp:attachment":[{"href":"http:\/\/magnetovitalrendelo.hu\/rendelo\/wp-json\/wp\/v2\/media?parent=379"}],"curies":[{"name":"wp","href":"https:\/\/api.w.org\/{rel}","templated":true}]}}