{"id":302,"date":"2013-02-21T21:56:56","date_gmt":"2013-02-21T20:56:56","guid":{"rendered":"http:\/\/magnetovitalrendelo.hu\/rendelo\/?page_id=302"},"modified":"2014-12-15T09:49:41","modified_gmt":"2014-12-15T08:49:41","slug":"az-esszenciak-rovid-leirasa","status":"publish","type":"page","link":"http:\/\/magnetovitalrendelo.hu\/rendelo\/szolgaltatasaink-2\/homeopatia\/az-esszenciak-rovid-leirasa\/","title":{"rendered":"Az esszenci\u00e1k r\u00f6vid le\u00edr\u00e1sa"},"content":{"rendered":"<div class=\"printfriendly pf-button \"><a href=\"http:\/\/magnetovitalrendelo.hu\/rendelo\/szolgaltatasaink-2\/homeopatia\/az-esszenciak-rovid-leirasa\/?pfstyle=wp\" rel=\"nofollow\"  title=\"Printer Friendly, PDF & Email\"><img src=\"http:\/\/magnetovitalrendelo.hu\/k\/pf-button-both.gif\" alt=\"Print Friendly, PDF & Email\" class=\"pf-button-img\" style=\"\"  \/><\/a><\/div>\n<p>Ez az \u00f6sszefoglal\u00f3 az \u00e1ltalam el\u0151\u00e1ll\u00edtott esszenci\u00e1kkal \u00e9s alkalmaz\u00e1sukkal kapcsolatos legjellemz\u0151bb inform\u00e1ci\u00f3kr\u00f3l k\u00e9sz\u00fclt. Az itt szerepl\u0151 esszencia-nevek fant\u00e1zia-nevek, nem minden esetben fejezik ki a k\u00e9sz\u00edtm\u00e9ny hat\u00e1s\u00e1t, illetve gyakran nem is arra utalnak, \u00e9s nem mindig hordoznak inform\u00e1ci\u00f3t az alapanyagukra vonatkoz\u00f3an sem. A felsorolt hat\u00e1sok lehet\u0151s\u00e9gek, az egyes k\u00f3r\u00e1llapotokban a k\u00e9sz\u00edtm\u00e9nyek \u00e9s a szed\u00e9sre javasolt d\u00f3zisok el\u0151zetes tesztel\u00e9s alapj\u00e1n, de r\u00e9szben \/mint a gy\u00f3gyszerek egy r\u00e9sze is!\/ tapasztalati \u00e9s intuit\u00edv alapon ker\u00fclnek alkalmaz\u00e1sra!<\/p>\n<ol>\n<li><span style=\"color: #3366ff;\"><strong>PARAVERA<\/strong><\/span> \u2013 legink\u00e1bb cukorbetegs\u00e9gre, m\u00e9regtelen\u00edt\u00e9sre, az immunrendszer er\u0151s\u00edt\u00e9s\u00e9re, vese-tiszt\u00edt\u00e1sra, fogy\u00e1sra, \u00e9rtiszt\u00edt\u00e1sra, demencia \/elbutul\u00e1s, agyi le\u00e9p\u00fcl\u00e9s\/ megel\u0151z\u00e9s\u00e9re, anyagcsere gondokra, str\u00fama visszafejleszt\u00e9s\u00e9re stb.<\/li>\n<li><span style=\"color: #3366ff;\"><strong>CSAL\u00c1DRESTAUR\u00c1TOR<\/strong><\/span> vagy nevezz\u00fck ink\u00e1bb \u00c9LETREFORMER-nek &#8211; seg\u00edt a p\u00e1rkapcsolati konfliktusokban, csal\u00e1di \u00e9let restaur\u00e1l\u00e1s\u00e1ban, hi\u00e1nyz\u00f3 partner megtal\u00e1l\u00e1s\u00e1ban, szerelmi b\u00e1natban). Mott\u00f3m a szerrel kapcsolatban (Bach doktor ut\u00e1n szabadon): \u201eAzok sz\u00e1m\u00e1ra aj\u00e1nlom, akik v\u00e9lt vagy val\u00f3s szeretethi\u00e1nyban szenvednek\u201d (ez igaz kicsit az el\u0151z\u0151 esszenci\u00e1ra is).<\/li>\n<li><span style=\"color: #3366ff;\"><strong>HEPAVITAL<\/strong><\/span> &#8211; m\u00e1jregener\u00e1l\u00e1sra, szemre, legink\u00e1bb sz\u00fcrkeh\u00e1lyogra, gyomortiszt\u00edt\u00e1sra, fek\u00e9lyre, hurutra.<\/li>\n<li><span style=\"color: #3366ff;\"><strong>ANTISTRESSZ<\/strong><\/span> &#8211; idegrendszert, term\u00e9kenys\u00e9get er\u0151s\u00edt, potenci\u00e1t jav\u00edt.<\/li>\n<li><span style=\"color: #3366ff;\"><strong>ANTIK\u00d6SZV\u00c9NY<\/strong><\/span> \u2013 t\u00fcd\u0151-, torokgyullad\u00e1s, megf\u00e1z\u00e1s ellen (j\u00f3 tapasztalatok vannak a k\u00f6szv\u00e9nyes f\u00e1jdalmak csillap\u00edt\u00e1s\u00e1ban is)<\/li>\n<li><span style=\"color: #3366ff;\"><strong>ANTIDROG a V\u00c1LTOZ\u00c1ST HOZ\u00d3<\/strong><\/span> &#8211; az idegrendszert er\u0151s\u00edti, a l\u00e1t\u00e1st jav\u00edtja, hasznos a sz\u00fcrkeh\u00e1lyogra, a menstru\u00e1ci\u00f3s zavarokra, Candida-fert\u0151z\u00e9s elenged\u00e9s\u00e9re is haszn\u00e1ljuk, \u00e9rrendszert tiszt\u00edt, hat\u00e1sos lehet Parkinson k\u00f3r eset\u00e9n, a csoki, a k\u00e1v\u00e9, az alkohol-k\u00f6t\u0151d\u00e9st k\u00e9pes enyh\u00edteni, a klimaxos t\u00fcneteket cs\u00f6kkenti, a frigidit\u00e1st oldja, hat\u00e1sos lehet a potencia-zavarokra is.<\/li>\n<li><span style=\"color: #3366ff;\"><strong>ANTI-ANTI<\/strong><\/span> &#8211; idegrendszert er\u0151s\u00edt, hat\u00e1sos lehet \u00e9rsz\u0171k\u00fclet, magas v\u00e9rnyom\u00e1s, agyv\u00e9rz\u00e9s, agyr\u00e1zk\u00f3d\u00e1s, SM, Parkinson- \u00e9s Alzheimer-k\u00f3r, epilepszia, m\u00e1s s\u00falyosnak tartott idegrendszeri betegs\u00e9g eset\u00e9ben.<\/li>\n<li><span style=\"color: #3366ff;\"><strong>FOGYI3<\/strong><\/span> &#8211; m\u00e9regtelen\u00edt\u00e9sre, immunrendszer er\u0151s\u00edt\u00e9sre, m\u00e1jregener\u00e1l\u00e1sra, idegrendszeri er\u0151s\u00edt\u00e9sre, belek tiszt\u00edt\u00e1s\u00e1ra, r\u00e9szben megtiszt\u00edtja a szervezetet a tart\u00f3s\u00edt\u00f3szerekt\u0151l, az art\u00e9ri\u00e1kat tiszt\u00edtja, b\u0151rtiszt\u00edt\u00e1sra, szemf\u00e1radts\u00e1g megsz\u00fcntet\u00e9s\u00e9re, ugyanakkor nem cs\u00f6kkenti a v\u00e9rnyom\u00e1st (mint a PARAVERA!), koleszterin, triglicerid cs\u00f6kkent\u00e9sre nagyon j\u00f3, b\u00e9l \u00e9s gyomorhurutra aj\u00e1nlom.<\/li>\n<li><span style=\"color: #3366ff;\"><strong>SELYEMIZ\u00dcLET<\/strong><\/span> &#8211; az \u00edz\u00fcleti lerak\u00f3d\u00e1sok le\u00e9p\u00edt\u00e9s\u00e9re \u00e9s a b\u0151rre \u00e1ltal\u00e1nos j\u00f3 hat\u00e1ssal van, a hajhagym\u00e1kat &#8211; k\u00fcls\u0151leg bed\u00f6rzs\u00f6l\u00e9ssel is &#8211; er\u0151s\u00edti, hasznos a csontok \u00f6sszeforr\u00e1s\u00e1nak gyors\u00edt\u00e1s\u00e1ra, j\u00f3 hat\u00e1ssal van a hegesed\u00e9sek n\u00e9lk\u00fcli sebgy\u00f3gyul\u00e1sra.<\/li>\n<li><span style=\"color: #3366ff;\"><strong>HAJSERKENT\u0150<\/strong><\/span> \u2013 regener\u00e1l\u00f3 hat\u00e1s\u00fa, ves\u00e9t tiszt\u00edt, vesek\u00f6vek 70%-\u00e1ban hat\u00e1sos lehet.<\/li>\n<li><span style=\"color: #3366ff;\"><strong>PV2<\/strong><\/span> &#8211; \u201ea durva takar\u00edt\u00f3\u201d- els\u0151sorban szakemberek \u00e1ltal felhaszn\u00e1lhat\u00f3! Tesztel\u00e9s folyik. epilepszia, SM, Parkinson-, Alzheimer-k\u00f3r, idegrendszeri megbeteged\u00e9sek kezel\u00e9s\u00e9re. Alapvet\u0151 az er\u0151s sejtregener\u00e1l\u00f3 hat\u00e1s el\u00e9r\u00e9s\u00e9nek ig\u00e9nye, komoly alv\u00e1szavar, kimer\u00fclts\u00e9g, szorong\u00e1s eset\u00e9re aj\u00e1nlott.<\/li>\n<li><span style=\"color: #3366ff;\"><strong>M2<\/strong><\/span> \u2013 \u00c1ltal\u00e1nos sejtregener\u00e1l\u00f3, az em\u00e9szt\u0151szervek m\u00e9regtelen\u00edt\u00e9s\u00e9re, em\u00e9szt\u0151szervek v\u00edrusfert\u0151z\u00e9seinek kezel\u00e9s\u00e9re aj\u00e1nlott. M\u00e1j, epetiszt\u00edt\u00f3, zs\u00edrold\u00f3. J\u00f3 fogyaszt\u00f3- esszencia h\u00edr\u00e9ben \u00e1ll! Komoly em\u00e9szt\u0151szervi megbeteged\u00e9sek visszaszor\u00edt\u00e1s\u00e1ra is alkalmas! SM, Alzheimer-k\u00f3r kezel\u00e9s\u00e9re korl\u00e1tozottan kb. 60-70 %-ban alkalmas lehet. Meszesed\u00e9s ellens\u00falyoz\u00e1s\u00e1ra, megel\u0151z\u00e9s\u00e9re is aj\u00e1nlott.<\/li>\n<li><span style=\"color: #3366ff;\"><strong>E2<\/strong><\/span> \u2013 \u00c1ltal\u00e1nos m\u00e9regtelen\u00edt\u0151 (pl. a m\u00e1jban). Er\u0151sen oldja a v\u00e9rzs\u00edrokat, az art\u00e9riasz\u0171k\u00fcleteket (k\u00f6zel 100%-ban), a pajzsmirigy, hasny\u00e1lmirigy m\u0171k\u00f6d\u00e9st seg\u00edti. Fokozza az inzulintermel\u00e9st. Epek\u00f6vet, \u00e9rsz\u0171k\u00fcletet oldhat. Fogy\u00f3k\u00far\u00e1ra javasolt. A v\u00e9n\u00e1s pang\u00e1st oldhatja. Mell\u00e9khat\u00e1s: vese (k\u0151, homok) tiszt\u00edt\u00f3.60%-ban. 50-60%-ban cukorbetegs\u00e9gre, hasny\u00e1lmirigyre is hat. Ellenjavallat.: nagyon alacsony v\u00e9rnyom\u00e1s, pajzsmirigyt\u00falteng\u00e9s, terhess\u00e9g, mert nagyon er\u0151s m\u00e9regtelen\u00edt\u0151 hat\u00e1s\u00fa.<\/li>\n<li><span style=\"color: #3366ff;\"><strong>AMETISZT<\/strong><\/span> &#8211; energetiz\u00e1l, m\u00e9regtelen\u00edt, intu\u00edci\u00f3t er\u0151s\u00edt. Agyi sejter\u0151s\u00edt\u0151, immuner\u0151s\u00edt\u0151 \u00e1lt. 70-80%-ban. Kimer\u00fclts\u00e9g, f\u00e1radts\u00e1g ellen, klimaxra, csontritkul\u00e1sra aj\u00e1nlott. 100%-ban friss\u00edt\u0151 hat\u00e1s\u00fa. Doh\u00e1nyz\u00e1st cs\u00f6kkent\u0151 hat\u00e1sa is van.<\/li>\n<li><span style=\"color: #3366ff;\"><strong>KVARC<\/strong><\/span> \u2013 a hegyikrist\u00e1ly, a tisztas\u00e1g harm\u00f3ni\u00e1ja. A hormonh\u00e1ztart\u00e1sra j\u00f3t\u00e9konyan hat. Seg\u00edti a hipof\u00edzis, a pajzsmirigy, a hasny\u00e1lmirigy, a prosztata, a mell\u00e9kvese m\u0171k\u00f6d\u00e9s\u00e9t. A fogamz\u00e1st \u00e9s a spermak\u00e9pz\u0151d\u00e9st t\u00e1mogatja. El\u0151ny\u00f6s mell\u00e9 a Mg, Szel\u00e9n, Mn.<\/li>\n<li><span style=\"color: #3366ff;\"><strong>R\u00d3ZSAKVARC<\/strong><\/span> \u2013 \u201ebels\u0151 szeretet\u201d er\u0151s\u00edt\u00e9s\u00e9re haszn\u00e1lom. K\u00fcls\u0151leg is (borogat\u00e1s form\u00e1j\u00e1ban) alkalmazhatjuk! Lelki neh\u00e9zs\u00e9gekre j\u00f3, \u00e1ltal\u00e1nos m\u00e9regtelen\u00edt\u0151 \u00e9s nyugtat\u00f3 hat\u00e1s\u00fa. Depresszi\u00f3, p\u00e1nik ellen hat\u00e1sos. J\u00f3 vesetiszt\u00edt\u00f3 \u00e9s vesek\u0151old\u00f3. Elektromoss\u00e1g okozta k\u00e1ros hat\u00e1sok kik\u00fcsz\u00f6b\u00f6l\u00e9s\u00e9re bev\u00e1lt. Id\u0151s korban \u00e1ltal\u00e1nos er\u0151s\u00edt\u0151nek haszn\u00e1lhat\u00f3. A \u201etorok-csakra\u201d energetikai t\u00e1mogat\u00e1s\u00e1ra is j\u00f3l haszn\u00e1lhat\u00f3.<\/li>\n<li><span style=\"color: #3366ff;\"><strong>SMARAGD<\/strong><\/span> \u2013 e1s\u0151sorban sug\u00e1rz\u00e1sok ellenpontoz\u00e1s\u00e1ra javaslom. Kiemelten j\u00f3 az immunrendszer er\u0151s\u00edt\u00e9s\u00e9re. Pajzsmirigy- \u00e9s mell\u00e9kvese alulm\u0171k\u00f6d\u00e9sre (70%-ban). A potencia jav\u00edt\u00e1s\u00e1ra 99-100 %-ban bev\u00e1lt, vesek\u0151, vesehomok old\u00e1s\u00e1ra 60%-ban.<\/li>\n<li><span style=\"color: #3366ff;\"><strong>GY\u00c9M\u00c1NT<\/strong><\/span> \u2013 a \u201esz\u00edv vir\u00e1ga\u201d a sz\u00edv \u00e9s energetikai rendszer\u00e9nek t\u00e1mogat\u00e1s\u00e1ra j\u00f3. \u00c1ltal\u00e1nos er\u0151s\u00edt\u0151. Csont- \u00e9s idegrendszer er\u0151s\u00edt\u00e9s\u00e9re (100%) ugyancsak, SM-ben \u00e9s Parkinson-k\u00f3rban friss\u00edt\u0151 hat\u00e1s\u00fa. A kering\u00e9si rendszerre j\u00f3 hat\u00e1s\u00fa, \u00edgy infarktus ut\u00e1ni regener\u00e1l\u00f3d\u00e1sra, sz\u00edver\u0151s\u00edt\u00e9sre j\u00f3l haszn\u00e1lhat\u00f3.! Szexu\u00e1lis probl\u00e9m\u00e1k eset\u00e9n, pl frigidit\u00e1s ellen bev\u00e1lt, potenci\u00e1t jav\u00edt (kb. 60- 70 %-ban), a klimax okozta labilit\u00e1s ellens\u00falyoz\u00e1s\u00e1ra alkalmas.<\/li>\n<li><span style=\"color: #3366ff;\"><strong>MALACHIT<\/strong><\/span> \u2013 szemet er\u0151s\u00edt \u2013 j\u00f3 a monitor-hat\u00e1sok kiv\u00e9d\u00e9s\u00e9re, a sz\u00fcrke h\u00e1lyog kialakul\u00e1s\u00e1nak lass\u00edt\u00e1s\u00e1ra a szemh\u00e9jra cseppentve, \u00e9s a f\u00fclbe csepegtetve is hat\u00e1sos. Bels\u0151leg hat a gyullad\u00e1sok ellen, j\u00f3 hat\u00e1s\u00fa az \u00e9rfalak rugalmass\u00e1g\u00e1nak n\u00f6vel\u00e9s\u00e9re, az \u00e9rfalak er\u0151s\u00edt\u00e9s\u00e9re. Csonter\u0151s\u00edt\u0151 gyermekeknek, klimaxxal \u00e9rintetteknek alkalmas a csontritkul\u00e1s megel\u0151z\u00e9s\u00e9re. A csontt\u00f6r\u00e9s ut\u00e1ni gy\u00f3gyul\u00e1st, regener\u00e1ci\u00f3t is felgyors\u00edtja.<\/li>\n<li><span style=\"color: #3366ff;\"><strong>RIOLIT<\/strong><\/span> (\u2642,\u2640) \u2013 Az em\u00e9szt\u0151rendszert, els\u0151sorban a b\u00e9ltraktust (v\u00e9kony \u00e9s vastagb\u00e9l) seg\u00edt rendbehozni, a b\u00e9lbolyhokat tiszt\u00edtja, em\u00e9szt\u00e9si \u201ehat\u00e1sfok\u201d-javul\u00e1st id\u00e9z el\u0151. \u00c9tv\u00e1gytalans\u00e1got okoz, teh\u00e1t hasznos lehet a fogy\u00f3k\u00far\u00e1ban. Jav\u00edtja a felsz\u00edv\u00f3d\u00e1st. Csontritkul\u00e1sra, csonter\u0151s\u00edt\u00e9sre (99,0%) alkalmas lehet. M\u00e9regtelen\u00edt, tiszt\u00edt &#8211; gyomor, belek, m\u00e1j, epe, l\u00e9p (90%), zs\u00edrold\u00f3 hat\u00e1s\u00fa. Fogyaszt\u00f3 k\u00far\u00e1ra alkalmas. Arany\u00e9r ecsetel\u00e9s\u00e9re is j\u00f3. A magas v\u00e9rnyom\u00e1st cs\u00f6kkenti (70,0%), a v\u00e9rereket tiszt\u00edtja, az \u00e9rsz\u0171k\u00fcletet, az \u00e9rfali lerak\u00f3d\u00e1sokat, a koleszterin- \u00e9s triglicerid-szintet cs\u00f6kkenti (60%). A nemi szervek m\u0171k\u00f6d\u00e9s\u00e9t seg\u00edti, a prosztata, a petef\u00e9szek m\u0171k\u00f6d\u00e9s\u00e9t serkenti (50%). \u00c1sv\u00e1nyi anyag inform\u00e1ci\u00f3kat \/Ca, Fe, Zn, Cu\/ hordoz.<\/li>\n<li><span style=\"color: #3366ff;\"><strong>KR\u00c1TERK\u0150<\/strong><\/span> (er\u0151sebben hat:\u2640) \u2013 Az idegek, els\u0151sorban a mozgat\u00f3 idegek regener\u00e1l\u00e1s\u00e1ra alkalmazhat\u00f3. B\u00e9nul\u00e1sos(szer\u0171) \u00e1llapotok &#8211; f\u0151leg a k\u00e9z \u00e9s l\u00e1b mozg\u00e1skorl\u00e1tozotts\u00e1ga eset\u00e9n v\u00e1lt be. B\u0151relv\u00e1ltoz\u00e1sok, a b\u0151r\u00f6n el\u0151fordul\u00f3 t\u00fcnetek, pl. szem\u00f6lcs\u00f6k, pattan\u00e1sok, elimin\u00e1l\u00e1s\u00e1ra haszn\u00e1lhat\u00f3 (k\u00fcls\u0151leg ecsetel\u00e9ssel is). A meg\u00e9gett b\u0151r degener\u00e1lt sejtjeit regener\u00e1lja. Az agyi sejtek, a k\u00f6zponti idegrendszer er\u0151s\u00edt\u00e9s\u00e9re, mozg\u00e1sk\u00f6zpont regener\u00e1l\u00e1s\u00e1ra bev\u00e1lt. Agyi elv\u00e1ltoz\u00e1sok, idegi eredet\u0171 mozg\u00e1sszervi betegs\u00e9gek vitaliz\u00e1l\u00e1s\u00e1ra ugyancsak hasznos lehet. Hat\u00e1sos lehet egyes betegs\u00e9gek, pl. Parkinson k\u00f3r, SM, nemk\u00edv\u00e1natos sejtburj\u00e1nz\u00e1sok (pl. gyomor, b\u00e9l, csontok, b\u0151r) t\u00fcneteinek devalv\u00e1l\u00e1s\u00e1ban. A hordozott \u00e1sv\u00e1nyianyag-inform\u00e1ci\u00f3k: Ca, Fe, Mg, Se, Zn, Cu, J\u00f3d.<\/li>\n<li><span style=\"color: #3366ff;\"><strong>GP<\/strong><\/span> \u2013 Az el\u0151-tesztek szerint 100%-ban alkalmas a vese, a h\u00f3lyag \u00e9s az ur\u00e9ter tiszt\u00edt\u00e1s\u00e1ra.<\/li>\n<li><span style=\"color: #3366ff;\"><strong>KOR\u00c1LL(\u00cdT\u00d3)<\/strong><\/span> (er\u0151sebben hat: \u2642) \u2013 Els\u0151sorban f\u00e9rfi nemi szervek m\u0171k\u00f6d\u00e9s\u00e9nek kiegyens\u00falyoz\u00e1s\u00e1ra (potencia-jav\u00edt\u00e1sa, spermak\u00e9pz\u00e9s-fokoz\u00e1sa, mereved\u00e9si probl\u00e9m\u00e1kra (99,0%). Jav\u00edtja a bels\u0151 elv\u00e1laszt\u00e1s\u00fa mirigyek m\u0171k\u00f6d\u00e9s\u00e9t, a prosztata m\u0171k\u00f6d\u00e9s\u00e9t (80,0%). Aj\u00e1nlom a hasny\u00e1lmirigy-m\u0171k\u00f6d\u00e9s jav\u00edt\u00e1s\u00e1ra (80-90%) \u2192 ez\u00e1ltal bev\u00e1lik a cukorbetegek t\u00fcneteinek m\u00e9rs\u00e9kl\u00e9s\u00e9re. A mell\u00e9kvesevel\u0151 m\u0171k\u00f6d\u00e9s\u00e9t (80%) jav\u00edtja, \u00e1ltal\u00e1nos csonter\u0151s\u00edt\u00e9sre (m\u00e9szhi\u00e1ny p\u00f3tl\u00e1s\u00e1ra, csontritkul\u00e1sra (n\u0151knek is j\u00f3!) (99,0%) aj\u00e1nlott. A szem f\u00e1radts\u00e1g\u00e1nak cs\u00f6kkent\u00e9s\u00e9re, pl.: sz\u00e1m\u00edt\u00f3g\u00e9p (99,0%). \u00c1sv\u00e1nyi anyag inform\u00e1ci\u00f3kat is hordoz: Ca, Mg, Cu, Zn, Fe, J\u00f3d.<\/li>\n<li><span style=\"color: #3366ff;\"><strong>CSILL\u00c1M<\/strong><\/span> (er\u0151sebben hat: \u2640) &#8211; F\u0151leg n\u0151k cukorbetegs\u00e9g-t\u00fcneteinek m\u00e9rs\u00e9kl\u00e9s\u00e9re j\u00f3 a hasny\u00e1lmirigy (90%feletti val\u00f3sz\u00edn\u0171s\u00e9ggel) m\u0171k\u00f6d\u00e9s\u00e9nek er\u0151s\u00edt\u00e9se \u00e1ltal. J\u00f3 a mell\u00e9kpajzsmirigy (70%feletti val\u00f3sz\u00edn\u0171s\u00e9ggel) m\u0171k\u00f6d\u00e9s\u00e9nek er\u0151s\u00edt\u00e9s\u00e9re, \u00e9s a petef\u00e9szek-m\u0171k\u00f6d\u00e9s\u00e9t jav\u00edtja (80%). Enyh\u00edti a klimaxos t\u00fcneteket \/pl. sz\u00e9d\u00fcl\u00e9s, h\u0151hull\u00e1mok\/ (80%), az alacsony v\u00e9rnyom\u00e1st emeli (60-70%). Tiszt\u00edtja a ves\u00e9t, a h\u00fagyutakat (60%). Em\u00e9szt\u00e9sre hat (50%), gyomor- \u00e9s b\u00e9ltiszt\u00edt\u00f3, zs\u00edrold\u00f3, m\u00e1j-\u00e9s epetiszt\u00edt\u00f3, m\u00e9regtelen\u00edt\u0151 (50%). Hat\u00e1s\u00fa. A szembe csepegtetve, azt tiszt\u00edtja. \u00c1sv\u00e1nyi anyag inform\u00e1ci\u00f3i: Ca, Mg, Szel\u00e9n Fe, K , Zn, Cu.<\/li>\n<li><span style=\"color: #3366ff;\"><strong>KVARC 3X<\/strong><\/span> (er\u0151sebben hat: \u2642 \u2013 Az idegek er\u0151s\u00edt\u00e9s\u00e9re, \u201eb\u00e1natgy\u00f3gy\u00e1szatra\u201d haszn\u00e1lhat\u00f3. Seg\u00edtheti a fogamz\u00e1st, a spermak\u00e9pz\u0151d\u00e9st, potencia-jav\u00edt\u00f3 hat\u00e1s\u00fa. Kedvez\u0151 hat\u00e1s\u00fa lehet Helicobacter \u00e9s Candida ellen. \u00c1ltal\u00e1nos gyullad\u00e1scs\u00f6kkent\u0151. Gyomor- \u00e9s b\u00e9ltiszt\u00edt\u00f3, m\u00e9regtelen\u00edt\u0151. A hormonh\u00e1ztart\u00e1st er\u0151s\u00edti, r\u00e9szben a bels\u0151 elv\u00e1laszt\u00e1s\u00fa mirigyek (hipof\u00edzis, pajzsmirigy, hasny\u00e1lmirigy, prosztata, mell\u00e9kvese) m\u0171k\u00f6d\u00e9s\u00e9nek el\u0151seg\u00edt\u00e9s\u00e9vel. \u00c1sv\u00e1nyianyag inform\u00e1ci\u00f3k: Mg, Szel\u00e9n, Zn, Cu, J\u00f3d.<\/li>\n<li><span style=\"color: #3366ff;\"><strong>TENGER CSENDJE<\/strong><\/span> \u2013 Magabiztoss\u00e1got, \u00f6nbizalom vissza\u00e1ll\u00edt\u00e1st t\u00e1mogat\u00f3 esszencia. V\u00e9rtiszt\u00edt\u00e1sra 60-70%-ban, a nyirokrendszer t\u00e1mogat\u00e1s\u00e1ra 99,99%-ban alkalmas.<\/li>\n<li><span style=\"color: #3366ff;\"><strong>\u00c9DESVIZ<\/strong><\/span> \u2013 Seg\u00edti a n\u0151iess\u00e9g meg\u00e9l\u00e9s\u00e9t. A fel\u00e9p\u00fcl\u00e9st seg\u00edt\u0151 esszencia, els\u0151sorban m\u0171t\u00e9tek, nagy traum\u00e1k ut\u00e1ni regener\u00e1l\u00f3d\u00e1sra alkalmazhat\u00f3. L\u00e1bsz\u00e1rfek\u00e9ly, cukorbetegs\u00e9g t\u00fcneteinek kompenz\u00e1l\u00e1s\u00e1ra bev\u00e1lt. (aj\u00e1nlatos m\u00e1s esszenci\u00e1kkal egy\u00fctt alkalmazni, ha er\u0151sebb aktiviz\u00e1l\u00f3 hat\u00e1st k\u00edv\u00e1nnak el\u00e9rni!)<\/li>\n<li><span style=\"color: #3366ff;\"><strong>TM<\/strong><\/span> \u2013 B\u00faskomors\u00e1g, kisebb leverts\u00e9g eset\u00e9n, borong\u00f3s hangulat ellens\u00falyoz\u00e1s\u00e1ra, medit\u00e1ci\u00f3 t\u00e1mogat\u00e1s\u00e1ra javaslom.<\/li>\n<li><span style=\"color: #3366ff;\"><strong>\u00c9LETFA<\/strong><\/span> \u2013 \u00c9letc\u00e9lok, c\u00e9lir\u00e1nyoss\u00e1g seg\u00edt\u00e9s\u00e9re v\u00e1lt be.<\/li>\n<li><span style=\"color: #3366ff;\"><strong>MEGYaSZ\u00d3<\/strong><\/span> (n\u00e9gyk\u00f6ves \u00e1sv\u00e1ny) \u2013 A bels\u0151 fesz\u00fclts\u00e9g old\u00e1s\u00e1ra aj\u00e1nlom, nagyszer\u0171 \u00fat a nyitottabb\u00e1 v\u00e1l\u00e1shoz. A felszabadultabb \u00e1llapot el\u00e9r\u00e9s\u00e9re bev\u00e1lt.<\/li>\n<li><span style=\"color: #3366ff;\"><strong>V\u00c9D-ELEM<\/strong><\/span> \u2013v\u00e9delemre val\u00f3ban j\u00f3, ha a k\u00fcls\u0151 behat\u00e1sok kompenz\u00e1l\u00e1sa a c\u00e9l. Csak akkor hat\u00e1sos, ha \u201etiszt\u00e1k\u201d vagyunk. Idegen h\u00e1tizs\u00e1kok cipel\u00e9se helyett melegen aj\u00e1nlom.<\/li>\n<li><span style=\"color: #3366ff;\"><strong>RUBIN<\/strong><\/span>\u2013 Ment\u00e1lis energi\u00e1k fokoz\u00e1s\u00e1hoz seg\u00edt. Fels\u0151bbrend\u0171 rezg\u00e9sekkel m\u00e9g k\u00f6zelebb ker\u00fclhet\u00fcnk Istenhez. Medit\u00e1l\u00e1sn\u00e1l is lehet ezt haszn\u00e1lni.<\/li>\n<li><span style=\"color: #3366ff;\"><strong>GOLD<\/strong><\/span> (\u2642,\u2640) \u2013 Annak, aki t\u00falzottan szereti a csillog\u00e1st. Ment\u00e1lis probl\u00e9m\u00e1k, depresszi\u00f3 stressz, p\u00e1nik old\u00e1s\u00e1ra tartom j\u00f3nak. Vesek\u0151 old\u00e1s\u00e1ra, vesetiszt\u00edt\u00e1sra alkalmas. A bels\u0151elv\u00e1laszt\u00e1s\u00fa mirigyek (hipof\u00edzis, pajzsmirigy)m\u0171k\u00f6d\u00e9s\u00e9nek el\u0151seg\u00edt\u00e9s\u00e9re ugyancsak. \u00c1sv\u00e1nyi-anyag inform\u00e1ci\u00f3k: Mg, K, J\u00f3d.<\/li>\n<li><span style=\"color: #3366ff;\"><strong>SILVER<\/strong><\/span> \u2013 A n\u0151iess\u00e9g t\u00e1mogat\u00e1s\u00e1ra, meger\u0151s\u00edt\u00e9s\u00e9re szolg\u00e1lhat. Term\u00e9kenys\u00e9gre, magabiztoss\u00e1gra, f\u00e9rfi potencia-probl\u00e9m\u00e1kra, megterm\u00e9keny\u00edt\u00e9s el\u0151seg\u00edt\u00e9s\u00e9re. A p\u00e1r mindk\u00e9t tagj\u00e1nak aj\u00e1nlott \u2013 Kis \u00fcveggel a csecsem\u0151-mirigyre helyezve m\u00e9g hat\u00e1sosabb.<\/li>\n<li><span style=\"color: #3366ff;\"><strong>TMK<\/strong><\/span> \u2013 A nagyagy t\u00e1mogat\u00e1s\u00e1ra aj\u00e1nlom.<\/li>\n<li><span style=\"color: #3366ff;\"><strong>CSONTER\u0150S\u00cdT\u0150<\/strong><\/span> (\u2642,\u2640) \u2013 Csontl\u00e1gyul\u00e1s ellen, csigoly\u00e1k k\u00f6zti ideggy\u00f6k\u00f6k fellaz\u00edt\u00e1s\u00e1ra bev\u00e1lt.<\/li>\n<li><span style=\"color: #3366ff;\"><strong>ASZTMATIKUM<\/strong><\/span> \u2013 Jin-jang egyens\u00faly felborul\u00e1sa eset\u00e9n kiegyenl\u00edt\u0151 hat\u00e1s\u00fa lehet. Bels\u0151 fert\u0151tlen\u00edt\u0151, meleg\u00edt\u0151, vese\u00f6bl\u00edt\u0151, em\u00e9szt\u0151rendszer-tiszt\u00edt\u00f3. Epe, m\u00e1j, gyomor, l\u00e9p ny\u00e1kosod\u00e1s\u00e1t megsz\u0171ntet\u0151 hat\u00e1s\u00fa. Asztm\u00e1s betegs\u00e9gt\u00fcnetekre k\u00edv\u00e1l\u00f3.<\/li>\n<li><span style=\"color: #3366ff;\"><strong>T\u0170ZK\u0150<\/strong><\/span> \u2013 A kreativit\u00e1st, a bels\u0151 sugallat meg\u00e9rt\u00e9s\u00e9t seg\u00edti. \u00d6ngy\u00f3gyul\u00e1s, \u00fajraindul\u00e1s, feladatmegold\u00e1s t\u00e1mogat\u00e1s\u00e1ra alkalmas. Sz\u00edvizom-er\u0151s\u00edt\u0151, sz\u00edvrobor\u00e1l\u00f3 hat\u00e1s\u00fa, alkalmas az infarktus ut\u00e1ni \u00e1llapotok kiegyens\u00falyoz\u00e1s\u00e1ra.<\/li>\n<li><span style=\"color: #3366ff;\"><strong>IGAZGY\u00d6NGY<\/strong><\/span> \u2013 Seg\u00edti az elszigetel\u0151d\u00e9sb\u0151l val\u00f3 kil\u00e9p\u00e9st, a bels\u0151 \u00e9nre hat, az \u00e9letfeladatra val\u00f3 tal\u00e1l\u00e1st el\u0151seg\u00edtheti. Az \u00f6ngy\u00f3gy\u00edt\u00f3 rendszer inspir\u00e1l\u00e1s\u00e1ra, rosszindulat\u00fa folyamatok lokaliz\u00e1l\u00e1s\u00e1ra is aj\u00e1nlom. Term\u00e9kenys\u00e9gi probl\u00e9m\u00e1kra, hasny\u00e1lmirigy-t\u00e1mogat\u00e1s\u00e1ra, valamint \u00e9tv\u00e1gygerjeszt\u0151nek is bev\u00e1lt.<\/li>\n<li><span style=\"color: #3366ff;\"><strong>HARM\u00d3NIUM<\/strong><\/span> \u2013 Er\u0151s\u00edti az \u00f6nmagunkba vetett hitet, seg\u00edti az egy\u00e9n bels\u0151 \u00e9rt\u00e9keinek kibontakoz\u00e1s\u00e1t. Haszn\u00e1lhat\u00f3: depresszi\u00f3, egyed\u00fcll\u00e9t, mag\u00e1nyoss\u00e1g kisebbrend\u0171s\u00e9g \u00e9rz\u00e9s kiegyens\u00falyoz\u00e1s\u00e1ra. Megk\u00f6vesedett lelki \u00e1llapot old\u00e1s\u00e1ra kiv\u00e1l\u00f3.<\/li>\n<li><span style=\"color: #3366ff;\"><strong>V\u00d6R\u00d6SK\u0150<\/strong><\/span> \u2013 Izomregener\u00e1l\u00e1sra, f\u00e1radts\u00e1g ellen, friss\u00edt\u0151k\u00e9nt aj\u00e1nlhat\u00f3.<\/li>\n<li><span style=\"color: #3366ff;\"><strong>MD<\/strong><\/span> \u2013 A mirigyek m\u0171k\u00f6d\u00e9s\u00e9nek el\u0151seg\u00edt\u00e9s\u00e9re alkalmas (Pl. tobozmirigy, pajzsmirigy, csecsem\u0151mirigy (70-80%)<\/li>\n<li><span style=\"color: #3366ff;\"><strong>J\u00d3D<\/strong><\/span> \u2013 J\u00f3dhi\u00e1ny ellens\u00falyoz\u00e1s\u00e1ra adhatjuk pajzsmirigy-t\u00falm\u0171k\u00f6d\u00e9s eset\u00e9n. A szexu\u00e1lis \u00e9rdekl\u0151d\u00e9s er\u0151s\u00f6d\u00e9s\u00e9t is okozhatja.<\/li>\n<li><span style=\"color: #3366ff;\"><strong>TANUL\u00c1ST T\u00c1MOGAT\u00d3<\/strong><\/span> \u2013 r\u00f6vid\u00edtheti a tanul\u00e1sra ford\u00edtand\u00f3 id\u0151t, n\u00f6veli a koncentr\u00e1ci\u00f3s id\u0151t, seg\u00edts\u00e9g\u00e9vel c\u00e9lir\u00e1nyosabb\u00e1 v\u00e1lik a tanul\u00e1s, ugyanakkor az ismeretanyagban tal\u00e1lhat\u00f3 \u00f6sszef\u00fcgg\u00e9sek felismer\u00e9s\u00e9t seg\u00edti. (Bach-kombin\u00e1ci\u00f3 + Antistressz.)<\/li>\n<\/ol>\n<div class=\"printfriendly pf-button \"><a href=\"http:\/\/magnetovitalrendelo.hu\/rendelo\/szolgaltatasaink-2\/homeopatia\/az-esszenciak-rovid-leirasa\/?pfstyle=wp\" rel=\"nofollow\"  title=\"Printer Friendly, PDF & Email\"><img src=\"http:\/\/magnetovitalrendelo.hu\/k\/pf-button-both.gif\" alt=\"Print Friendly, PDF & Email\" class=\"pf-button-img\" style=\"\"  \/><\/a><\/div>\n","protected":false},"excerpt":{"rendered":"<p>Ez az \u00f6sszefoglal\u00f3 az \u00e1ltalam el\u0151\u00e1ll\u00edtott esszenci\u00e1kkal \u00e9s alkalmaz\u00e1sukkal kapcsolatos legjellemz\u0151bb inform\u00e1ci\u00f3kr\u00f3l k\u00e9sz\u00fclt. Az itt szerepl\u0151 esszencia-nevek fant\u00e1zia-nevek, nem minden esetben fejezik ki a k\u00e9sz\u00edtm\u00e9ny hat\u00e1s\u00e1t, illetve gyakran nem is arra utalnak, \u00e9s nem mindig hordoznak inform\u00e1ci\u00f3t az alapanyagukra vonatkoz\u00f3an sem. A felsorolt hat\u00e1sok lehet\u0151s\u00e9gek, az egyes k\u00f3r\u00e1llapotokban a k\u00e9sz\u00edtm\u00e9nyek \u00e9s a szed\u00e9sre javasolt d\u00f3zisok [&hellip;]<\/p>\n","protected":false},"author":1,"featured_media":0,"parent":29,"menu_order":0,"comment_status":"closed","ping_status":"closed","template":"full-width-page.php","meta":{"_mi_skip_tracking":false},"_links":{"self":[{"href":"http:\/\/magnetovitalrendelo.hu\/rendelo\/wp-json\/wp\/v2\/pages\/302"}],"collection":[{"href":"http:\/\/magnetovitalrendelo.hu\/rendelo\/wp-json\/wp\/v2\/pages"}],"about":[{"href":"http:\/\/magnetovitalrendelo.hu\/rendelo\/wp-json\/wp\/v2\/types\/page"}],"author":[{"embeddable":true,"href":"http:\/\/magnetovitalrendelo.hu\/rendelo\/wp-json\/wp\/v2\/users\/1"}],"replies":[{"embeddable":true,"href":"http:\/\/magnetovitalrendelo.hu\/rendelo\/wp-json\/wp\/v2\/comments?post=302"}],"version-history":[{"count":1,"href":"http:\/\/magnetovitalrendelo.hu\/rendelo\/wp-json\/wp\/v2\/pages\/302\/revisions"}],"predecessor-version":[{"id":1397,"href":"http:\/\/magnetovitalrendelo.hu\/rendelo\/wp-json\/wp\/v2\/pages\/302\/revisions\/1397"}],"up":[{"embeddable":true,"href":"http:\/\/magnetovitalrendelo.hu\/rendelo\/wp-json\/wp\/v2\/pages\/29"}],"wp:attachment":[{"href":"http:\/\/magnetovitalrendelo.hu\/rendelo\/wp-json\/wp\/v2\/media?parent=302"}],"curies":[{"name":"wp","href":"https:\/\/api.w.org\/{rel}","templated":true}]}}