{"id":2,"date":"2013-02-19T14:23:10","date_gmt":"2013-02-19T14:23:10","guid":{"rendered":"http:\/\/magnetovitalrendelo.hu\/ladoseva\/?page_id=2"},"modified":"2020-06-19T14:26:58","modified_gmt":"2020-06-19T12:26:58","slug":"bemutatkozas","status":"publish","type":"page","link":"http:\/\/magnetovitalrendelo.hu\/ladoseva\/","title":{"rendered":"Bemutatkoz\u00e1s"},"content":{"rendered":"<blockquote>\n<p style=\"text-align: right;\"><img loading=\"lazy\" class=\"alignright size-full wp-image-14\" src=\"http:\/\/magnetovitalrendelo.hu\/ladoseva\/wp-content\/uploads\/sites\/3\/2013\/02\/lao_ce.jpg\" alt=\"lao_ce\" width=\"124\" height=\"180\" \/><span style=\"color: #800080;\">\u201eAz ezer m\u00e9rf\u00f6ldes utaz\u00e1s is az els\u0151 l\u00e9p\u00e9ssel kezd\u0151dik\u201d<\/span> &#8211; <strong>Lao Ce<\/strong><\/p>\n<\/blockquote>\n<p>Visszatekintve eddigi \u00e9letp\u00e1ly\u00e1mra, az mindenkor ek\u00f6r\u00fcl a mondat k\u00f6r\u00fcl forgott. Tanulm\u00e1nyaim \u00e9s az eg\u00e9sz eddigi tev\u00e9kenys\u00e9gem mindig azt c\u00e9lozt\u00e1k meg, hogy a velem kapcsolatban \u00e1ll\u00f3 embereket megpr\u00f3b\u00e1ljam elind\u00edtani egy olyan \u00faton, melyen j\u00e1rva az \u00e9let\u00fck teljesebb\u00e9, boldogabb\u00e1, eg\u00e9szs\u00e9gesebb\u00e9 v\u00e1lhat.<\/p>\n<p><img loading=\"lazy\" class=\"size-full wp-image-30 alignleft\" src=\"http:\/\/magnetovitalrendelo.hu\/ladoseva\/wp-content\/uploads\/sites\/3\/2013\/02\/lados_eva_bemutatkozas-afk.jpg\" alt=\"lados_eva_bemutatkozas-afk\" width=\"160\" height=\"160\" srcset=\"http:\/\/magnetovitalrendelo.hu\/ladoseva\/wp-content\/uploads\/sites\/3\/2013\/02\/lados_eva_bemutatkozas-afk.jpg 160w, http:\/\/magnetovitalrendelo.hu\/ladoseva\/wp-content\/uploads\/sites\/3\/2013\/02\/lados_eva_bemutatkozas-afk-150x150.jpg 150w\" sizes=\"(max-width: 160px) 100vw, 160px\" \/>\u00c1llamigazgat\u00e1si diplom\u00e1m megszerz\u00e9se ut\u00e1n<strong> 12<\/strong> \u00e9ven \u00e1t a vil\u00e1g egyik legnagyobb tr\u00e9nerc\u00e9g\u00e9n\u00e9l vezet\u0151 munkat\u00e1rsk\u00e9nt dolgoztam. Ek\u00f6zben intu\u00edci\u00f3im \u00e1ltal ir\u00e1ny\u00edtva folyamatosan k\u00e9peztem magam, \u00e9s akkor m\u00e9g \u00e9rthetetlen, a t\u00e1rgyk\u00f6rbe nem ill\u0151 tanulm\u00e1nyokat (lakberendez\u00e9s, antik t\u00e1rgyak ismerete, t\u00e1pl\u00e1l\u00e9k-kieg\u00e9sz\u00edt\u0151k hat\u00e1sai, agykontroll, agytr\u00e9ning, homeop\u00e1tia, stresszold\u00e1si m\u00f3dszerek, reiki, j\u00f3ga, pszichol\u00f3gia, tranzakci\u00f3-anal\u00edzis) folytattam, melyekben l\u00e1tsz\u00f3lag egy k\u00f6z\u00f6s volt csak: <strong>mindegyik hum\u00e1n vonatkoz\u00e1s\u00fa gyakorlati tev\u00e9kenys\u00e9g volt<\/strong>.<\/p>\n<p>Ezen tanulm\u00e1nyok ismeretanyaga m\u00e1ra szerves egys\u00e9gg\u00e9 \u00e1llt \u00f6ssze. <strong>2004<\/strong> \u00f3ta dolgozom az orvosi rendel\u0151nkben, mint szem\u00e9lyi \u00e9letvezet\u00e9si, \u00e9s k\u00f6zel 4 \u00e9ve, mint lelki tan\u00e1csad\u00f3.<span style=\"color: #993300;\"><strong> Orvos F\u00e9rjem gy\u00f3gy\u00edt\u00f3 tev\u00e9kenys\u00e9g\u00e9t kieg\u00e9sz\u00edtend\u0151 a beteg emberek testi betegs\u00e9g\u00e9nek lelki h\u00e1tter\u00e9t pr\u00f3b\u00e1lom semleges\u00edteni, miut\u00e1n az alaptev\u00e9kenys\u00e9g\u00fcnk nem gy\u00f3gyszer- \u00e9s m\u0171t\u00e9t-centrikusan csak a t\u00fcnetek kezel\u00e9s\u00e9re, hanem a beteg emberek \u00f6ngy\u00f3gy\u00edt\u00f3 mechanizmusainak a t\u00e1mogat\u00e1s\u00e1ra \u00e9s stimul\u00e1l\u00e1s\u00e1ra is ir\u00e1nyul. A r\u00e9szemr\u0151l ez nem gy\u00f3gy\u00edt\u00f3, hanem hat\u00e9kony k\u00f6z\u00e9rzetjav\u00edt\u00f3 tev\u00e9kenys\u00e9g, melynek seg\u00edts\u00e9g\u00e9vel a testi t\u00fcnetek gy\u00f3gy\u00edt\u00e1sa l\u00e9nyegesen nagyobb m\u00e9rt\u00e9k\u0171 \u00e9s sokkal tart\u00f3sabb javul\u00e1sa, gy\u00f3gyul\u00e1sa \u00e9rhet\u0151 el.<br \/>\n<\/strong><\/span><\/p>\n<p>E tev\u00e9kenys\u00e9g\u00fcnk gyakorl\u00e1sa sor\u00e1n ismerkedtem meg a Vaszati tudom\u00e1ny\u00e1val is, melyet F\u00e9rjemmel egy\u00fctt kiv\u00e1l\u00f3an alkalmasnak tartunk arra, hogy a betegs\u00e9gokoz\u00f3 k\u00f6rnyezeti energiahat\u00e1sok megsz\u00fcntet\u00e9se, k\u00f6z\u00f6mb\u00f6s\u00edt\u00e9se r\u00e9v\u00e9n minden beteg\u00fcnknek megadjuk a tart\u00f3s \u00e9s v\u00e9gleges gy\u00f3gyul\u00e1s lehet\u0151s\u00e9g\u00e9t is. Ugyanakkor a munk\u00e1nk r\u00e9v\u00e9n m\u00f3dot biztos\u00edtunk az embereknek arra is, hogy a tov\u00e1bbiakban ne legyenek kit\u00e9ve ilyen k\u00e1ros \u00e9s k\u00f3ros t\u00e9nyez\u0151knek, \u00e9s ez\u00e1ltal fontos l\u00e9p\u00e9st tegyenek eg\u00e9szs\u00e9ges \u00e1llapotuk tart\u00f3s meg\u0151rz\u00e9s\u00e9hez.<\/p>\n<p style=\"text-align: center;\"><img loading=\"lazy\" class=\"size-full wp-image-19 aligncenter\" src=\"http:\/\/magnetovitalrendelo.hu\/ladoseva\/wp-content\/uploads\/sites\/3\/2013\/02\/eva_mandala.jpg\" alt=\"\u00c9va mandal\u00e1ja\" width=\"307\" height=\"300\" srcset=\"http:\/\/magnetovitalrendelo.hu\/ladoseva\/wp-content\/uploads\/sites\/3\/2013\/02\/eva_mandala.jpg 480w, http:\/\/magnetovitalrendelo.hu\/ladoseva\/wp-content\/uploads\/sites\/3\/2013\/02\/eva_mandala-300x293.jpg 300w\" sizes=\"(max-width: 307px) 100vw, 307px\" \/><\/p>\n<p>Mi m\u00e1r kialakult lelki- \u00e9s testi betegs\u00e9gekkel jelentkez\u0151 emberek \u00e9letter\u00e9t, energia-viszonyait pr\u00f3b\u00e1ljuk meg a gy\u00f3gyul\u00e1suk \u00e9rdek\u00e9ben normaliz\u00e1lni, ez\u00e9rt a tev\u00e9kenys\u00e9g\u00fcnkt\u0151l csak kev\u00e9sb\u00e9 azonnali l\u00e1tv\u00e1nyos eredm\u00e9nyeket v\u00e1rhatunk, mintha csak az interperszon\u00e1lis kapcsolatokat, stresszt\u00e9nyez\u0151ket vagy egy\u00e9ni anyagi helyzetet korrig\u00e1ln\u00e1nk. Ez adja meg azonban a munk\u00e1nk igazi sz\u00e9ps\u00e9g\u00e9t \u00e9s izgalm\u00e1t. A korrekci\u00f3s t\u00e9nyez\u0151k mell\u00e9 energiater\u00e1pi\u00e1s m\u00f3dszerek alkalmaz\u00e1s\u00e1val a hat\u00e1sos \u00e9s tart\u00f3s gy\u00f3gy\u00edt\u00e1s lehet\u0151s\u00e9g\u00e9t t\u00e1rs\u00edtjuk olyan eszk\u00f6z\u00f6k ig\u00e9nybev\u00e9tel\u00e9vel, melyhez a gyakorlati orvostudom\u00e1ny ma m\u00e9g nem b\u00edr teljes hozz\u00e1f\u00e9r\u00e9ssel.<\/p>\n<p>A Vaszati mellett elsaj\u00e1t\u00edtottam a<strong> radieszt\u00e9zi\u00e1t<\/strong> &#8211; f\u00f6ldsug\u00e1rz\u00e1s m\u00e9r\u00e9s \u00e9s \u00e1rny\u00e9kol\u00e1s tudom\u00e1ny\u00e1t &#8211; is. Ennek seg\u00edts\u00e9g\u00e9vel lehet\u0151v\u00e9 teszem, hogy az erre ig\u00e9nyt tart\u00f3 betegeink a tov\u00e1bbiakban tiszta t\u00e9rben, k\u00e1ros, az aur\u00e1t roncsol\u00f3 elektrom\u00e1gneses sug\u00e1rz\u00e1sok n\u00e9lk\u00fcl legyenek k\u00e9pesek \u00e9lni \u00e9s gy\u00f3gyulni.<\/p>\n<p><img loading=\"lazy\" class=\"alignright size-full wp-image-31\" src=\"http:\/\/magnetovitalrendelo.hu\/ladoseva\/wp-content\/uploads\/sites\/3\/2013\/02\/lados_eva_bemutatkozas-integralt_akademia.jpg\" alt=\"lados_eva_bemutatkozas-integralt_akademia\" width=\"143\" height=\"122\" \/>Az Integr\u00e1l Akad\u00e9mia <strong><span style=\"text-decoration: underline;\">integr\u00e1l-pszichol\u00f3gia<\/span><\/strong> szak\u00e1n <strong>2013<\/strong>-ban szereztem m\u00e1sodik diplom\u00e1mat, az ott tanultakra is \u00e9p\u00edtettem integr\u00e1l tan\u00e1csad\u00f3k\u00e9nt a lelki seg\u00edt\u0151i tev\u00e9kenys\u00e9gemet, melynek keret\u00e9ben <strong>2012<\/strong> \u00f3ta foglalkozom <strong>\u00c9FT-tan\u00e1csad\u00e1s<\/strong>sal \u00e9s <strong>l\u00e9lekhang<\/strong>gal.\u00a0 <strong>2016<\/strong>-ban term\u00e9szetgy\u00f3gy\u00e1szi k\u00e9pes\u00edt\u00e9st szereztem \u00e9s <strong>f\u00fclakupunkt\u00far\u00e1s addiktol\u00f3gus<\/strong> oklevelet kaptam, valamint <strong>Access Bars m\u00f3dszerrel<\/strong> is dolgozom klienseimmel. Ezeket 7 \u00e9ve eg\u00e9sz\u00edtem ki\u00a0 <strong>sz\u00e1mmisztik\u00e1val<\/strong>, megtanultam a<strong> th\u00e9ta- \u00e9s recall-healing<\/strong>et, tanultam <strong>asztroz\u00f3fi\u00e1t<\/strong> \u00e9s <strong>asztrol\u00f3giai pszichol\u00f3gi\u00e1t<\/strong>. Jelenleg medi\u00e1tor-k\u00e9pz\u00e9sben vettem r\u00e9szt \u00e9s ebbe az ir\u00e1nyba tervezek tov\u00e1bbk\u00e9pz\u0151dni. Ezek seg\u00edts\u00e9g\u00e9vel a rem\u00e9nyeim szerint seg\u00edt\u0151k\u00e9nt egyre hat\u00e9konyabban tudok hozz\u00e1j\u00e1rulni a rendel\u0151nket felkeres\u0151, orvosi kezel\u00e9s alatt \u00e1ll\u00f3 betegeink lelki \u00e9s testi egyens\u00faly\u00e1nak, k\u00f6z\u00e9rzeti harm\u00f3ni\u00e1j\u00e1nak a helyre\u00e1ll\u00edt\u00e1s\u00e1hoz, ez\u00e1ltal az orvosi kezel\u00e9st kieg\u00e9sz\u00edt\u0151 tart\u00f3s \u00e9s v\u00e9gleges gy\u00f3gyul\u00e1s\u00e1hoz.<\/p>\n","protected":false},"excerpt":{"rendered":"<p>\u201eAz ezer m\u00e9rf\u00f6ldes utaz\u00e1s is az els\u0151 l\u00e9p\u00e9ssel kezd\u0151dik\u201d &#8211; Lao Ce Visszatekintve eddigi \u00e9letp\u00e1ly\u00e1mra, az mindenkor ek\u00f6r\u00fcl a mondat k\u00f6r\u00fcl forgott. Tanulm\u00e1nyaim \u00e9s az eg\u00e9sz eddigi tev\u00e9kenys\u00e9gem mindig azt c\u00e9lozt\u00e1k meg, hogy a velem kapcsolatban \u00e1ll\u00f3 embereket megpr\u00f3b\u00e1ljam elind\u00edtani egy olyan \u00faton, melyen j\u00e1rva az \u00e9let\u00fck teljesebb\u00e9, boldogabb\u00e1, eg\u00e9szs\u00e9gesebb\u00e9 v\u00e1lhat. \u00c1llamigazgat\u00e1si diplom\u00e1m megszerz\u00e9se ut\u00e1n [&hellip;]<\/p>\n","protected":false},"author":1,"featured_media":0,"parent":0,"menu_order":0,"comment_status":"closed","ping_status":"closed","template":"","meta":{"_mi_skip_tracking":false},"_links":{"self":[{"href":"http:\/\/magnetovitalrendelo.hu\/ladoseva\/wp-json\/wp\/v2\/pages\/2"}],"collection":[{"href":"http:\/\/magnetovitalrendelo.hu\/ladoseva\/wp-json\/wp\/v2\/pages"}],"about":[{"href":"http:\/\/magnetovitalrendelo.hu\/ladoseva\/wp-json\/wp\/v2\/types\/page"}],"author":[{"embeddable":true,"href":"http:\/\/magnetovitalrendelo.hu\/ladoseva\/wp-json\/wp\/v2\/users\/1"}],"replies":[{"embeddable":true,"href":"http:\/\/magnetovitalrendelo.hu\/ladoseva\/wp-json\/wp\/v2\/comments?post=2"}],"version-history":[{"count":8,"href":"http:\/\/magnetovitalrendelo.hu\/ladoseva\/wp-json\/wp\/v2\/pages\/2\/revisions"}],"predecessor-version":[{"id":54,"href":"http:\/\/magnetovitalrendelo.hu\/ladoseva\/wp-json\/wp\/v2\/pages\/2\/revisions\/54"}],"wp:attachment":[{"href":"http:\/\/magnetovitalrendelo.hu\/ladoseva\/wp-json\/wp\/v2\/media?parent=2"}],"curies":[{"name":"wp","href":"https:\/\/api.w.org\/{rel}","templated":true}]}}

Bemutatkozás

<blockquote>
<p style="text-align: right;"><img loading="lazy" class="alignright size-full wp-image-14" src="http://magnetovitalrendelo.hu/ladoseva/wp-content/uploads/sites/3/2013/02/lao_ce.jpg" alt="lao_ce" width="124" height="180" /><span style="color: #800080;">„Az ezer mérföldes utazás is az első lépéssel kezdődik”</span> &#8211; <strong>Lao Ce</strong></p>
</blockquote>
<p>Visszatekintve eddigi életpályámra, az mindenkor ekörül a mondat körül forgott. Tanulmányaim és az egész eddigi tevékenységem mindig azt célozták meg, hogy a velem kapcsolatban álló embereket megpróbáljam elindítani egy olyan úton, melyen járva az életük teljesebbé, boldogabbá, egészségesebbé válhat.</p>
<p><img loading="lazy" class="size-full wp-image-30 alignleft" src="http://magnetovitalrendelo.hu/ladoseva/wp-content/uploads/sites/3/2013/02/lados_eva_bemutatkozas-afk.jpg" alt="lados_eva_bemutatkozas-afk" width="160" height="160" srcset="http://magnetovitalrendelo.hu/ladoseva/wp-content/uploads/sites/3/2013/02/lados_eva_bemutatkozas-afk.jpg 160w, http://magnetovitalrendelo.hu/ladoseva/wp-content/uploads/sites/3/2013/02/lados_eva_bemutatkozas-afk-150x150.jpg 150w" sizes="(max-width: 160px) 100vw, 160px" />Államigazgatási diplomám megszerzése után<strong> 12</strong> éven át a világ egyik legnagyobb trénercégénél vezető munkatársként dolgoztam. Eközben intuícióim által irányítva folyamatosan képeztem magam, és akkor még érthetetlen, a tárgykörbe nem illő tanulmányokat (lakberendezés, antik tárgyak ismerete, táplálék-kiegészítők hatásai, agykontroll, agytréning, homeopátia, stresszoldási módszerek, reiki, jóga, pszichológia, tranzakció-analízis) folytattam, melyekben látszólag egy közös volt csak: <strong>mindegyik humán vonatkozású gyakorlati tevékenység volt</strong>.</p>
<p>Ezen tanulmányok ismeretanyaga mára szerves egységgé állt össze. <strong>2004</strong> óta dolgozom az orvosi rendelőnkben, mint személyi életvezetési, és közel 4 éve, mint lelki tanácsadó.<span style="color: #993300;"><strong> Orvos Férjem gyógyító tevékenységét kiegészítendő a beteg emberek testi betegségének lelki hátterét próbálom semlegesíteni, miután az alaptevékenységünk nem gyógyszer- és műtét-centrikusan csak a tünetek kezelésére, hanem a beteg emberek öngyógyító mechanizmusainak a támogatására és stimulálására is irányul. A részemről ez nem gyógyító, hanem hatékony közérzetjavító tevékenység, melynek segítségével a testi tünetek gyógyítása lényegesen nagyobb mértékű és sokkal tartósabb javulása, gyógyulása érhető el.<br />
</strong></span></p>
<p>E tevékenységünk gyakorlása során ismerkedtem meg a Vaszati tudományával is, melyet Férjemmel együtt kiválóan alkalmasnak tartunk arra, hogy a betegségokozó környezeti energiahatások megszüntetése, közömbösítése révén minden betegünknek megadjuk a tartós és végleges gyógyulás lehetőségét is. Ugyanakkor a munkánk révén módot biztosítunk az embereknek arra is, hogy a továbbiakban ne legyenek kitéve ilyen káros és kóros tényezőknek, és ezáltal fontos lépést tegyenek egészséges állapotuk tartós megőrzéséhez.</p>
<p style="text-align: center;"><img loading="lazy" class="size-full wp-image-19 aligncenter" src="http://magnetovitalrendelo.hu/ladoseva/wp-content/uploads/sites/3/2013/02/eva_mandala.jpg" alt="Éva mandalája" width="307" height="300" srcset="http://magnetovitalrendelo.hu/ladoseva/wp-content/uploads/sites/3/2013/02/eva_mandala.jpg 480w, http://magnetovitalrendelo.hu/ladoseva/wp-content/uploads/sites/3/2013/02/eva_mandala-300x293.jpg 300w" sizes="(max-width: 307px) 100vw, 307px" /></p>
<p>Mi már kialakult lelki- és testi betegségekkel jelentkező emberek életterét, energia-viszonyait próbáljuk meg a gyógyulásuk érdekében normalizálni, ezért a tevékenységünktől csak kevésbé azonnali látványos eredményeket várhatunk, mintha csak az interperszonális kapcsolatokat, stressztényezőket vagy egyéni anyagi helyzetet korrigálnánk. Ez adja meg azonban a munkánk igazi szépségét és izgalmát. A korrekciós tényezők mellé energiaterápiás módszerek alkalmazásával a hatásos és tartós gyógyítás lehetőségét társítjuk olyan eszközök igénybevételével, melyhez a gyakorlati orvostudomány ma még nem bír teljes hozzáféréssel.</p>
<p>A Vaszati mellett elsajátítottam a<strong> radiesztéziát</strong> &#8211; földsugárzás mérés és árnyékolás tudományát &#8211; is. Ennek segítségével lehetővé teszem, hogy az erre igényt tartó betegeink a továbbiakban tiszta térben, káros, az aurát roncsoló elektromágneses sugárzások nélkül legyenek képesek élni és gyógyulni.</p>
<p><img loading="lazy" class="alignright size-full wp-image-31" src="http://magnetovitalrendelo.hu/ladoseva/wp-content/uploads/sites/3/2013/02/lados_eva_bemutatkozas-integralt_akademia.jpg" alt="lados_eva_bemutatkozas-integralt_akademia" width="143" height="122" />Az Integrál Akadémia <strong><span style="text-decoration: underline;">integrál-pszichológia</span></strong> szakán <strong>2013</strong>-ban szereztem második diplomámat, az ott tanultakra is építettem integrál tanácsadóként a lelki segítői tevékenységemet, melynek keretében <strong>2012</strong> óta foglalkozom <strong>ÉFT-tanácsadás</strong>sal és <strong>lélekhang</strong>gal.  <strong>2016</strong>-ban természetgyógyászi képesítést szereztem és <strong>fülakupunktúrás addiktológus</strong> oklevelet kaptam, valamint <strong>Access Bars módszerrel</strong> is dolgozom klienseimmel. Ezeket 7 éve egészítem ki  <strong>számmisztikával</strong>, megtanultam a<strong> théta- és recall-healing</strong>et, tanultam <strong>asztrozófiát</strong> és <strong>asztrológiai pszichológiát</strong>. Jelenleg mediátor-képzésben vettem részt és ebbe az irányba tervezek továbbképződni. Ezek segítségével a reményeim szerint segítőként egyre hatékonyabban tudok hozzájárulni a rendelőnket felkereső, orvosi kezelés alatt álló betegeink lelki és testi egyensúlyának, közérzeti harmóniájának a helyreállításához, ezáltal az orvosi kezelést kiegészítő tartós és végleges gyógyulásához.</p>

<p>„Az ezer mérföldes utazás is az első lépéssel kezdődik” &#8211; Lao Ce Visszatekintve eddigi életpályámra, az mindenkor ekörül a mondat körül forgott. Tanulmányaim és az egész eddigi tevékenységem mindig azt célozták meg, hogy a velem kapcsolatban álló embereket megpróbáljam elindítani egy olyan úton, melyen járva az életük teljesebbé, boldogabbá, egészségesebbé válhat. Államigazgatási diplomám megszerzése után [&hellip;]</p>
